{"id":282,"date":"2024-05-29T08:16:02","date_gmt":"2024-05-29T06:16:02","guid":{"rendered":"https:\/\/be.portos.sk\/?post_type=product&#038;p=282"},"modified":"2024-05-29T08:28:31","modified_gmt":"2024-05-29T06:28:31","slug":"penazna-zasuvka-dfg-8-4","status":"publish","type":"product","link":"https:\/\/be.portos.sk\/index.php\/produkt\/penazna-zasuvka-dfg-8-4\/","title":{"rendered":"Pe\u0148a\u017en\u00e1 z\u00e1suvka DFG 8\/4"},"content":{"rendered":"<p>Kovov\u00e1 pe\u0148a\u017en\u00e1 z\u00e1suvka obsahuje obsahuje 8 priehradok na mince a 4 priehradky s kovov\u00fdm dr\u017eiakom na bankovky. Z\u00e1suvka je uzamykate\u013en\u00e1, obsahuje 2 \u0161trbiny na bankovky. Vn\u00fatro z\u00e1suvky je vyberate\u013en\u00e9. S tla\u010diar\u0148ou sa prep\u00e1ja prostredn\u00edctvom konektoru\u00a0RJ11.\u00a0Vhodn\u00e1 do v\u0161etk\u00fdch druhov prev\u00e1dzok.<\/p>\n<p>Z\u00e1suvku je mo\u017en\u00e9 otv\u00e1ra\u0165 aj nez\u00e1visle od vystavenia pokladni\u010dn\u00e9ho dokladu.<\/p>\n","protected":false},"excerpt":{"rendered":"<p>Uzamykate\u013en\u00e1 pe\u0148a\u017en\u00e1 z\u00e1suvka dostupn\u00e1 v \u010diernej aj svetlo b\u00e9\u017eovej farbe.<\/p>\n","protected":false},"featured_media":283,"template":"","meta":[],"product_brand":[],"product_cat":[19],"product_tag":[37],"class_list":{"0":"post-282","1":"product","2":"type-product","3":"status-publish","4":"has-post-thumbnail","6":"product_cat-penazne-zasuvky","7":"product_tag-price-range","9":"first","10":"onbackorder","11":"shipping-taxable","12":"purchasable","13":"product-type-simple"},"_links":{"self":[{"href":"https:\/\/be.portos.sk\/index.php\/wp-json\/wp\/v2\/product\/282","targetHints":{"allow":["GET"]}}],"collection":[{"href":"https:\/\/be.portos.sk\/index.php\/wp-json\/wp\/v2\/product"}],"about":[{"href":"https:\/\/be.portos.sk\/index.php\/wp-json\/wp\/v2\/types\/product"}],"wp:featuredmedia":[{"embeddable":true,"href":"https:\/\/be.portos.sk\/index.php\/wp-json\/wp\/v2\/media\/283"}],"wp:attachment":[{"href":"https:\/\/be.portos.sk\/index.php\/wp-json\/wp\/v2\/media?parent=282"}],"wp:term":[{"taxonomy":"product_brand","embeddable":true,"href":"https:\/\/be.portos.sk\/index.php\/wp-json\/wp\/v2\/product_brand?post=282"},{"taxonomy":"product_cat","embeddable":true,"href":"https:\/\/be.portos.sk\/index.php\/wp-json\/wp\/v2\/product_cat?post=282"},{"taxonomy":"product_tag","embeddable":true,"href":"https:\/\/be.portos.sk\/index.php\/wp-json\/wp\/v2\/product_tag?post=282"}],"curies":[{"name":"wp","href":"https:\/\/api.w.org\/{rel}","templated":true}]}}