{"id":304,"date":"2024-05-29T09:42:46","date_gmt":"2024-05-29T07:42:46","guid":{"rendered":"https:\/\/be.portos.sk\/?post_type=product&#038;p=304"},"modified":"2024-10-21T11:33:42","modified_gmt":"2024-10-21T09:33:42","slug":"pos-elio-156-p1-156-wide","status":"publish","type":"product","link":"https:\/\/be.portos.sk\/index.php\/produkt\/pos-elio-156-p1-156-wide\/","title":{"rendered":"POS elio 156 P1 15,6&#8243; WIDE"},"content":{"rendered":"<p>POS termin\u00e1l elio 156TA s dotykov\u00fdm displejom 15,6&#8243; . Procesor Intel J1900\u00a0\u00a0Quad-Core \/ 8\u00a0GB RAM \/ 256 GB SSD \/ 15,6&#8243; kapacitn\u00fd dotykov\u00fd monitor.<\/p>\n<p>Z\u00e1ruka12 mesiacov<br \/>\nKomunika\u010dn\u00e9 rozhranie1\u00d7 COM, 1 x RJ-45, Giga LAN, 1 x VGA, Female, 5 x USB<br \/>\nCPUBaytrail J1900 QuadCore 2.0GHz<br \/>\nRAM 8 GB HDD256GB<br \/>\nSSD mSATAOS<br \/>\nWindows 10<br \/>\nObrazovka15,6&#8243; kapacitn\u00fd dotykov\u00fd monitor, rozl\u00ed\u0161enie: 1920*1080<\/p>\n","protected":false},"excerpt":{"rendered":"<p>elio POS 156P1 s dotykov\u00fdm displejom 15,6&#8243; . Procesor Intel J1900 Quad-Core \/ 8 GB RAM \/ 256 GB SSD \/ 15,6&#8243; kapacitn\u00fd dotykov\u00fd monitor.<\/p>\n","protected":false},"featured_media":419,"template":"","meta":[],"product_brand":[],"product_cat":[23],"product_tag":[37],"class_list":{"0":"post-304","1":"product","2":"type-product","3":"status-publish","4":"has-post-thumbnail","6":"product_cat-all-in-one-pocitace","7":"product_tag-price-range","9":"first","10":"onbackorder","11":"shipping-taxable","12":"purchasable","13":"product-type-simple"},"_links":{"self":[{"href":"https:\/\/be.portos.sk\/index.php\/wp-json\/wp\/v2\/product\/304","targetHints":{"allow":["GET"]}}],"collection":[{"href":"https:\/\/be.portos.sk\/index.php\/wp-json\/wp\/v2\/product"}],"about":[{"href":"https:\/\/be.portos.sk\/index.php\/wp-json\/wp\/v2\/types\/product"}],"wp:featuredmedia":[{"embeddable":true,"href":"https:\/\/be.portos.sk\/index.php\/wp-json\/wp\/v2\/media\/419"}],"wp:attachment":[{"href":"https:\/\/be.portos.sk\/index.php\/wp-json\/wp\/v2\/media?parent=304"}],"wp:term":[{"taxonomy":"product_brand","embeddable":true,"href":"https:\/\/be.portos.sk\/index.php\/wp-json\/wp\/v2\/product_brand?post=304"},{"taxonomy":"product_cat","embeddable":true,"href":"https:\/\/be.portos.sk\/index.php\/wp-json\/wp\/v2\/product_cat?post=304"},{"taxonomy":"product_tag","embeddable":true,"href":"https:\/\/be.portos.sk\/index.php\/wp-json\/wp\/v2\/product_tag?post=304"}],"curies":[{"name":"wp","href":"https:\/\/api.w.org\/{rel}","templated":true}]}}