{"id":324,"date":"2024-05-29T12:46:14","date_gmt":"2024-05-29T10:46:14","guid":{"rendered":"https:\/\/be.portos.sk\/?post_type=product&#038;p=324"},"modified":"2024-10-21T11:20:27","modified_gmt":"2024-10-21T09:20:27","slug":"fiskalpro-n86","status":"publish","type":"product","link":"https:\/\/be.portos.sk\/index.php\/produkt\/fiskalpro-n86\/","title":{"rendered":"FiskalPRO N86"},"content":{"rendered":"<p>Jedine\u010dn\u00e9 zariadenie N86 je v\u010faka svojmu vzh\u013eadu a v\u00fdkonu najlep\u0161\u00edm POS zariaden\u00edm.<\/p>\n<h5>Mimoriadna v\u00fdkonnos\u0165<\/h5>\n<p>V\u00fdkonnos\u0165 zariadenia N86 je dan\u00e1 svojou ultra v\u00fdkonnou bat\u00e9riou, v\u010faka \u010domu je mo\u017en\u00e9 so zariaden\u00edm spravi\u0165 a\u017e 600 transakci\u00ed a v stand-by re\u017eime vydr\u017e\u00ed a\u017e do 240 hod\u00edn. Nepretr\u017eite bez nabitia je mo\u017en\u00e9 so zariaden\u00edm pracova\u0165 a\u017e do 20 hod\u00edn, \u010do v\u00e1m zefekt\u00edvni ka\u017edodenn\u00fa pr\u00e1cu.<\/p>\n<p>V\u00fdkonnos\u0165 zariadenie N86 taktie\u017e zlep\u0161uje OS Android 9.0 a quad-core 1,4GHz vysokor\u00fdchlostn\u00fd procesor.<\/p>\n<h5>Jedine\u010dn\u00fd dizajn a odolnos\u0165<\/h5>\n<p>Dizajn N86 kombinuje umenie s pokrokovou technol\u00f3giou ochrany zariadenia.<\/p>\n<p>Je vodotesn\u00fd a odoln\u00fd vo\u010di p\u00e1dom z v\u00fd\u0161ky a\u017e 1,5 metra.<\/p>\n","protected":false},"excerpt":{"rendered":"<div class=\"row\">\n<div class=\"col-12\">\n<div class=\"title\">\n<p>Prenosn\u00fd platobn\u00fd termin\u00e1l a eKasa tla\u010diare\u0148.<\/p>\n<\/div>\n<\/div>\n<\/div>\n","protected":false},"featured_media":414,"template":"","meta":[],"product_brand":[],"product_cat":[12,13],"product_tag":[38],"class_list":{"0":"post-324","1":"product","2":"type-product","3":"status-publish","4":"has-post-thumbnail","6":"product_cat-ekasa-zariadenia","7":"product_cat-platobne-terminaly","8":"product_tag-price-no","10":"first","11":"onbackorder","12":"shipping-taxable","13":"product-type-simple"},"_links":{"self":[{"href":"https:\/\/be.portos.sk\/index.php\/wp-json\/wp\/v2\/product\/324","targetHints":{"allow":["GET"]}}],"collection":[{"href":"https:\/\/be.portos.sk\/index.php\/wp-json\/wp\/v2\/product"}],"about":[{"href":"https:\/\/be.portos.sk\/index.php\/wp-json\/wp\/v2\/types\/product"}],"wp:featuredmedia":[{"embeddable":true,"href":"https:\/\/be.portos.sk\/index.php\/wp-json\/wp\/v2\/media\/414"}],"wp:attachment":[{"href":"https:\/\/be.portos.sk\/index.php\/wp-json\/wp\/v2\/media?parent=324"}],"wp:term":[{"taxonomy":"product_brand","embeddable":true,"href":"https:\/\/be.portos.sk\/index.php\/wp-json\/wp\/v2\/product_brand?post=324"},{"taxonomy":"product_cat","embeddable":true,"href":"https:\/\/be.portos.sk\/index.php\/wp-json\/wp\/v2\/product_cat?post=324"},{"taxonomy":"product_tag","embeddable":true,"href":"https:\/\/be.portos.sk\/index.php\/wp-json\/wp\/v2\/product_tag?post=324"}],"curies":[{"name":"wp","href":"https:\/\/api.w.org\/{rel}","templated":true}]}}