{"id":437,"date":"2024-10-23T09:26:33","date_gmt":"2024-10-23T07:26:33","guid":{"rendered":"https:\/\/be.portos.sk\/?post_type=product&#038;p=437"},"modified":"2024-10-23T09:26:33","modified_gmt":"2024-10-23T07:26:33","slug":"pokladna","status":"publish","type":"product","link":"https:\/\/be.portos.sk\/index.php\/produkt\/pokladna\/","title":{"rendered":"Poklad\u0148a"},"content":{"rendered":"<h5>Pokladni\u010dn\u00fd syst\u00e9m pre v\u0161etk\u00fdch<\/h5>\n<p>PORTOS Poklad\u0148a sa osved\u010dila vo vy\u0161e 800\u00a0prev\u00e1dzkach\u00a0zameran\u00fdch na gastron\u00f3miu, predaj tovaru, slu\u017eby, medic\u00ednske zariadenia a in\u00e9 segmenty.<\/p>\n<h5>Modern\u00fd minimalistick\u00fd \u0161t\u00fdl, v ktorom sa nestrat\u00edte<\/h5>\n<p>Obsluhu pokladne zvl\u00e1dne aj za\u010diato\u010dn\u00edk \u010di senior. V\u010faka intuit\u00edvnemu dizajnu pou\u017e\u00edvate\u013esk\u00e9ho prostredia je za\u0161kolenie person\u00e1lu ot\u00e1zkou chv\u00edle.<\/p>\n<h5>Dokonal\u00fd preh\u013ead na prev\u00e1dzke<\/h5>\n<p>\u00da\u010det je mo\u017en\u00e9 premiest\u0148ova\u0165 medzi stolmi, alebo miestnos\u0165ami. Ve\u013ek\u00e9 skupiny host\u00ed za jedn\u00fdm stolom m\u00f4\u017eete navy\u0161e rozdeli\u0165 na viacero \u00fa\u010dtov. \u00da\u010dty m\u00f4\u017eete pres\u00fava\u0165, sp\u00e1ja\u0165 \u010di rozde\u013eov\u0165, \u010d\u00edm z\u00edskate dokonal\u00fd\u00a0preh\u013ead o dian\u00ed na raj\u00f3ne.<\/p>\n<h5>Podpora dotykov\u00e9ho\u00a0re\u017eimu<\/h5>\n<p>Poklad\u0148a podporuje mno\u017estvo kl\u00e1vesov\u00fdch skratiek pre pr\u00e1cu s kl\u00e1vesnicou, alebo re\u017eim pou\u017eitia na dotykovom displeji.<\/p>\n<h5>Preh\u013eadn\u00e9 \u0161tatistiky aj hist\u00f3ria \u00fa\u010dtov<\/h5>\n<p>Ak je potrebn\u00e9 sledova\u0165 tr\u017ebu naprie\u010d \u010da\u0161n\u00edkmi, alebo celkov\u00fd preh\u013ead o predaji, r\u00fdchle \u0161tatistiky s\u00fa k dispoz\u00edcii priamo v pokladni.\u00a0\u0160tatistiky obsahuhj\u00fa preh\u013ead obratu, platidiel, zamestnanca, n\u00e1v\u0161tevnosti pod\u013ea \u010dasu, alebo tovarov. Po ruke je aj kompletn\u00e1 hist\u00f3ria uzatvoren\u00fdch \u00fa\u010dtov.<\/p>\n","protected":false},"excerpt":{"rendered":"<p>Poskytuje funkcie nielen pre obsl\u00fa\u017eenie va\u0161ich host\u00ed. Uz\u00e1vierky aj \u0161tatistiky s\u00fa taktie\u017e po ruke.<\/p>\n","protected":false},"featured_media":438,"template":"","meta":[],"product_brand":[],"product_cat":[39],"product_tag":[],"class_list":{"0":"post-437","1":"product","2":"type-product","3":"status-publish","4":"has-post-thumbnail","6":"product_cat-portos-aplikacie","8":"first","9":"instock","10":"shipping-taxable","11":"purchasable","12":"product-type-simple"},"_links":{"self":[{"href":"https:\/\/be.portos.sk\/index.php\/wp-json\/wp\/v2\/product\/437","targetHints":{"allow":["GET"]}}],"collection":[{"href":"https:\/\/be.portos.sk\/index.php\/wp-json\/wp\/v2\/product"}],"about":[{"href":"https:\/\/be.portos.sk\/index.php\/wp-json\/wp\/v2\/types\/product"}],"wp:featuredmedia":[{"embeddable":true,"href":"https:\/\/be.portos.sk\/index.php\/wp-json\/wp\/v2\/media\/438"}],"wp:attachment":[{"href":"https:\/\/be.portos.sk\/index.php\/wp-json\/wp\/v2\/media?parent=437"}],"wp:term":[{"taxonomy":"product_brand","embeddable":true,"href":"https:\/\/be.portos.sk\/index.php\/wp-json\/wp\/v2\/product_brand?post=437"},{"taxonomy":"product_cat","embeddable":true,"href":"https:\/\/be.portos.sk\/index.php\/wp-json\/wp\/v2\/product_cat?post=437"},{"taxonomy":"product_tag","embeddable":true,"href":"https:\/\/be.portos.sk\/index.php\/wp-json\/wp\/v2\/product_tag?post=437"}],"curies":[{"name":"wp","href":"https:\/\/api.w.org\/{rel}","templated":true}]}}