{"id":486,"date":"2024-11-06T10:51:51","date_gmt":"2024-11-06T09:51:51","guid":{"rendered":"https:\/\/be.portos.sk\/?post_type=product&#038;p=486"},"modified":"2024-11-07T09:23:49","modified_gmt":"2024-11-07T08:23:49","slug":"pc-all-in-one-shuttle-x50v8-15","status":"publish","type":"product","link":"https:\/\/be.portos.sk\/index.php\/produkt\/pc-all-in-one-shuttle-x50v8-15\/","title":{"rendered":"PC All-In-One Shuttle X50V8 15&#8243;"},"content":{"rendered":"<p>Roz\u0161\u00edrenie na 240\u00a0GB SSD\u00a0+ 30\u20ac<\/p>\n<p>Intel Celeron 5205 \/ 8 GB RAM\/60GB SSD\/ LAN\/WLAN\/kamera\/\u010d\u00edta\u010dka 4-1 , dotykov\u00fd monitor 15,6&#8243; LCD. Ochrana pred striekaj\u00facou vodou na displej IP54 . Doporu\u010den\u00e9 pre POS zariadenia. Upozornenie: Windows 7 nie je podporovan\u00fd. V z\u00e1kladnej variante zariadenie disponuje 4GB RAM a SSD diskom 120GB.<\/p>\n<p>All-in-One PC pre POS, POI, Kiosk aplik\u00e1cie.<br \/>\nShuttle XPC all-in-one X50V8 je najnov\u0161\u00edm pr\u00edrastkom do s\u00e9rie X50 a je poh\u00e1\u0148an\u00fd procesorom Intel ULV 10. gener\u00e1cie \u201eComet Lake\u201c. Modern\u00e1 architekt\u00fara procesora pom\u00e1ha zlep\u0161i\u0165 spotrebu energie a v\u00fdpo\u010dtov\u00fd v\u00fdkon. V\u010faka pas\u00edvnemu chladeniu je syst\u00e9m prakticky bezhlu\u010dn\u00fd, bez\u00fadr\u017ebov\u00fd a schv\u00e1len\u00fd pre nonstop prev\u00e1dzku 24\/7. Obzvl\u00e1\u0161\u0165 vhodn\u00e9 pre vertik\u00e1lne aplik\u00e1cie je usporiadanie konektorov v spodnej \u010dasti a predn\u00fd panel v s\u00falade s IP54, ktor\u00fd je chr\u00e1nen\u00fd pred prachom a striekaj\u00facou vodou.<\/p>\n<p>&#8211; Intel Celeron 5205U processor<br \/>\n&#8211; 15.6&#8243; (39.6 cm) dotykov\u00fd displej (1366\u00d7768 px)<br \/>\n&#8211; podpora do 64 GB DDR4 pam\u00e4te<br \/>\n&#8211; HDMI 1.4b a VGA pre dva extern\u00e9 displeje<br \/>\n&#8211; Miesto pre 2.5&#8243; disk a M.2 SSD (NVMe)<br \/>\n&#8211; Internal USB socket for add-ons (dongle, 4G module)<br \/>\n&#8211; Gigabit Ethernet, WLAN (ac) a Bluetooth<br \/>\n&#8211; 6\u00d7 USB porty, 1\u00d7 USB intern\u00fd, COM\/LPT\/DIO ports (volite\u013en\u00e9)<br \/>\n&#8211; vstavan\u00fd reproduktor, kamera a mikrof\u00f3n<br \/>\n&#8211; nastavite\u013en\u00fd stojan a VESA mont\u00e1\u017e volite\u013en\u00e1<\/p>\n<h5>Technick\u00e9 parametre<\/h5>\n<ul>\n<li><span style=\"color: #333333;\"><strong>Tich\u00fd re\u017eim<\/strong><\/span>\n<pre id=\"tw-target-text\" dir=\"ltr\" data-placeholder=\"P\u0159eklad\"><span style=\"color: #333333;\">- Pas\u00edvne chladenie heatpipe, \u017eiadny hluk ventil\u00e1tora\r\n- Ide\u00e1lne na pou\u017eitie v prostrediach citliv\u00fdch na hluk\r\n- Bez ventil\u00e1tora, bezpra\u0161n\u00fd a teda prakticky bez\u00fadr\u017ebov\u00fd<\/span><\/pre>\n<\/li>\n<li><span style=\"color: #333333;\"><strong>24\/7 nonstop prev\u00e1dzka<\/strong><\/span>\n<pre id=\"tw-target-text\" dir=\"ltr\" data-placeholder=\"P\u0159eklad\"><span style=\"color: #333333;\">Toto zariadenie je schv\u00e1len\u00e9 na nepretr\u017eit\u00fa prev\u00e1dzku 24\/7.\r\nPo\u017eiadavky:\r\n- Mus\u00ed by\u0165 zaru\u010den\u00e1 vo\u013en\u00e1 cirkul\u00e1cia vzduchu medzi PC.\r\n- Vetracie otvory musia by\u0165 \u010dist\u00e9.\r\n\u2013 Ak je nain\u0161talovan\u00fd pevn\u00fd disk, mus\u00ed by\u0165 tie\u017e schv\u00e1len\u00fd v\u00fdrobcom na trval\u00fa prev\u00e1dzku.<\/span><\/pre>\n<\/li>\n<li><span style=\"color: #333333;\"><strong>IP54 ochrana<\/strong><\/span>\n<pre id=\"tw-target-text\" dir=\"ltr\" data-placeholder=\"P\u0159eklad\"><span style=\"color: #333333;\">Predn\u00fd panel je chr\u00e1nen\u00fd pred prachom a prachom\r\nstriekaj\u00facej vode pod\u013ea triedy ochrany IP54.<\/span><\/pre>\n<\/li>\n<li><span style=\"color: #333333;\"><strong>Rozmery a charakteristika<\/strong><\/span>\n<pre id=\"tw-target-text\" dir=\"ltr\" data-placeholder=\"P\u0159eklad\"><span style=\"color: #333333;\">Farba: \u010dierna alebo biela\r\nRozmery: 391 x 327 x 42 mm (\u0160 x V x H)\r\nMo\u017enos\u0165 uchytenia VESA 100 mm\r\nMont\u00e1\u017eny otvor pre z\u00e1mok Kensington\r\nHmotnos\u0165: 3,5 kg netto, 4,2 kg brutto<\/span><\/pre>\n<\/li>\n<li><span style=\"color: #333333;\"><strong>Opera\u010dn\u00fd syst\u00e9m<\/strong><\/span>\n<pre id=\"tw-target-text\" dir=\"ltr\" data-placeholder=\"P\u0159eklad\"><span style=\"color: #333333;\">Tento syst\u00e9m je dod\u00e1van\u00fd bez opera\u010dn\u00e9ho syst\u00e9mu.\r\nJe kompatibiln\u00fd s:\r\n- Windows 10\/11 - 64-bit\r\n- Linux - 64-bit<\/span><\/pre>\n<\/li>\n<li><span style=\"color: #333333;\"><strong>Dotykov\u00e1 obrazovka<\/strong><\/span>\n<pre id=\"tw-target-text\" dir=\"ltr\" data-placeholder=\"P\u0159eklad\"><span style=\"color: #333333;\">Funkcia dotykovej obrazovky podporuje zad\u00e1vanie kon\u010dekmi prstov\r\nOdporov\u00e1 5-vodi\u010dov\u00e1 jednodotykov\u00e1 technol\u00f3gia\r\nStylus pre vstavan\u00fa dotykov\u00fa obrazovku<\/span><\/pre>\n<\/li>\n<li><span style=\"color: #333333;\"><strong>39.6cm displej (15.6&#8243;)<\/strong><\/span>\n<pre id=\"tw-target-text\" dir=\"ltr\" data-placeholder=\"P\u0159eklad\"><span style=\"color: #333333;\">39,6 cm \/ 15,6\" LC-displej, pomer str\u00e1n: \u0161irokouhl\u00fd panel 16:9\r\nRozl\u00ed\u0161enie: 1366 x 768 = 1,05 megapixela\r\nJednotka podsvietenia: Vysokov\u00fdkonn\u00e1 LED, Svietivos\u0165: 220 cd\/m2\r\nHr\u00fabka skla: 0,5 mm<\/span><\/pre>\n<\/li>\n<li><span style=\"color: #333333;\"><strong>Processor<\/strong><\/span>\n<pre id=\"tw-target-text\" dir=\"ltr\" data-placeholder=\"P\u0159eklad\"><span style=\"color: #333333;\">Model: Intel Celeron 5205U (ULV)\r\nArchitekt\u00fara System-on-a-chip (SoC): nevy\u017eaduje sa \u017eiadna \u010dipov\u00e1 sada\r\nObal FCBGA1528 - prip\u00e1jan\u00fd priamo na z\u00e1kladn\u00fa dosku\r\nK\u00f3dov\u00e9 meno: Comet Lake-U (10. gener\u00e1cia Intel Core)\r\nJadr\u00e1\/z\u00e1vity: 2\/2\r\nFrekvencia: 1,9 GHz\r\nVyrovn\u00e1vacia pam\u00e4\u0165 L1\/L2\/L3: 256 kB \/ 1 MB \/ 2 MB\r\nPam\u00e4\u0165ov\u00fd radi\u010d: DDR4-2400 Dual Channel (1,2 V)\r\nTDP v\u00fdkon: 15 W maxim\u00e1lne\r\nV\u00fdrobn\u00fd proces: 14 nm\r\nMaxim\u00e1lna teplota spoja: 100 \u00b0C\r\nPodporuje 64-bit, VT-x (EPT), VT-d, Enhanced SpeedStep, NX bit, AES-NI, SSE 4.1\/4.2<\/span><\/pre>\n<\/li>\n<li><span style=\"color: #333333;\"><strong>Integrated Graphics<\/strong><\/span>\n<pre id=\"tw-target-text\" dir=\"ltr\" data-placeholder=\"P\u0159eklad\"><span style=\"color: #333333;\">Grafika Intel\u00ae UHD pre procesory Intel\u00ae Core\u2122 10. gener\u00e1cie\r\nFrekvencia hod\u00edn GPU: 300 ~ 900 MHz\r\nV\u00fdkonn\u00e9 jednotky (E\u00da): 12\r\nPodporuje DirectX 12\r\nPodporuje \u00fapln\u00e9 hardv\u00e9rov\u00e9 \u200b\u200bdek\u00f3dovanie H264, H265 8\/10 bit, VP8\/9, VC-1, AVC\r\nPodporuje technol\u00f3giu Quick Sync Video a Clear Video HD<\/span><\/pre>\n<\/li>\n<li><span style=\"color: #333333;\"><strong>Podpora pripojenia a\u017e do troch displejov s\u00fa\u010dasne<\/strong><\/span>\n<pre id=\"tw-target-text\" dir=\"ltr\" data-placeholder=\"P\u0159eklad\"><span style=\"color: #333333;\">Dva video porty podporuj\u00fa dve \u010fal\u0161ie nez\u00e1visl\u00e9 obrazovky:\r\n1) HDMI 1.4a podporuje 1920 x 1080 pri 60 Hz alebo 3840 x 2160 pri 30 Hz\r\n2) Anal\u00f3gov\u00e9 video VGA \/ D-Sub podporuje rozl\u00ed\u0161enie 1920 x 1080 pri 60 Hz\r\n\u0160peci\u00e1lne podmienky pre prev\u00e1dzku v re\u017eime viacer\u00fdch monitorov:\r\n1) Re\u017eim klonovania: v\u0161etky displeje zobrazuj\u00fa rovnak\u00fd obsah v rozl\u00ed\u0161en\u00ed 1366 x 768\r\n2) Roz\u0161\u00edren\u00fd re\u017eim: v\u0161etky displeje zobrazuj\u00fa odli\u0161n\u00fd obsah<\/span><\/pre>\n<\/li>\n<li><span style=\"color: #333333;\"><strong>BIOS<\/strong><\/span>\n<pre id=\"tw-target-text\" dir=\"ltr\" data-placeholder=\"P\u0159eklad\"><span style=\"color: #333333;\">AMI BIOS v 8 MB EEPROM s rozhran\u00edm SPI\r\nPodporuje obnovenie pri v\u00fdpadku nap\u00e1jania \/ v\u017edy zapnut\u00e9\r\nPodporuje Wake-on-LAN (WOL) zo stavov ACPI S3, S4, S5\r\nPodporuje monitorovanie hardv\u00e9ru a funkciu Watchdog\r\nPodporuje funkcionalitu Firmware TPM v2.0<\/span><\/pre>\n<\/li>\n<li><span style=\"color: #333333;\"><strong>Pam\u00e4\u0165<\/strong><\/span>\n<pre id=\"tw-target-text\" dir=\"ltr\" data-placeholder=\"P\u0159eklad\"><span style=\"color: #333333;\">2x slot SO-DIMM s 260 pinmi\r\nPodporuje DDR4-2400 (PC4-19200) SDRAM pri 1,2 V\r\nR\u00fdchlej\u0161ie moduly RAM (napr. DDR4-2666\/3200) s\u00fa sp\u00e4tne kompatibiln\u00e9 a tie\u017e tu be\u017eia r\u00fdchlos\u0165ou DDR4-2400.\r\nPodporuje re\u017eim Dual Channel\r\nPodporuje maxim\u00e1lne 32 GB na DIMM,\u00a0 maxim\u00e1lna celkov\u00e1 ve\u013ekos\u0165: 64 GB\r\nPodporuje dva moduly DIMM bez vyrovn\u00e1vacej pam\u00e4te (bez ECC alebo registrovan\u00e9)<\/span><\/pre>\n<\/li>\n<li><span style=\"color: #333333;\"><strong>Hard disk drive \/ SSD<\/strong><\/span>\n<pre id=\"tw-target-text\" dir=\"ltr\" data-placeholder=\"P\u0159eklad\"><span style=\"color: #333333;\">Podporuje jeden SATA pevn\u00fd disk alebo jeden SATA SSD disk vo form\u00e1te 6,35 cm \/ 2,5\"\r\nRozhranie SATA 3.0 podporuje r\u00fdchlos\u0165 prenosu d\u00e1t a\u017e 600 MB\/s (6 Gbit\/s)\r\nPodporuje jeden disk s v\u00fd\u0161kou a\u017e 12,5 mm<\/span><\/pre>\n<\/li>\n<li><span style=\"color: #333333;\"><strong>M.2 Slot pre SSD Karty<\/strong><\/span>\n<pre id=\"tw-target-text\" dir=\"ltr\" data-placeholder=\"P\u0159eklad\"><span style=\"color: #333333;\">Slot M.2 2280 M-key poskytuje nasleduj\u00face rozhrania:\r\n- PCI-Express Gen. 2.0 X4\r\n- SATA v3.0 (max. 6 Gbps)\r\nPodporuje M.2 karty so \u0161\u00edrkou 22 mm\r\na d\u013a\u017ekou 42, 60 alebo 80 mm (typ 2242, 2260, 2280).\r\nPodporuje M.2 SATA SSD (s k\u013e\u00fa\u010dom B+M) a M.2 PCIe NVMe SSD (s k\u013e\u00fa\u010dom M)<\/span><\/pre>\n<\/li>\n<li><span style=\"color: #333333;\"><strong>\u010c\u00edta\u010dka kariet<\/strong><\/span>\n<pre id=\"tw-target-text\" dir=\"ltr\" data-placeholder=\"P\u0159eklad\"><span style=\"color: #333333;\">Integrovan\u00e1 \u010d\u00edta\u010dka kariet podporuje pam\u00e4\u0165ov\u00e9 karty SD, SDHC a SDXC<\/span><\/pre>\n<p><span style=\"color: #333333;\"><strong>Webkamera<\/strong><\/span><\/p>\n<pre id=\"tw-target-text\" dir=\"ltr\" data-placeholder=\"P\u0159eklad\"><span style=\"color: #333333;\">Integrovan\u00e1 webov\u00e1 kamera s rozl\u00ed\u0161en\u00edm Full HD (1920 x 1080 pixelov<\/span><\/pre>\n<p><span style=\"color: #333333;\"><strong>Mikrof\u00f3n a reproduktory<\/strong><\/span><\/p>\n<pre id=\"tw-target-text\" dir=\"ltr\" data-placeholder=\"P\u0159eklad\"><span style=\"color: #333333;\">Predn\u00fd panel s integrovan\u00fdm elektretov\u00fdm kondenz\u00e1torov\u00fdm mikrof\u00f3nom a\r\n2x 2W reproduktory<\/span><\/pre>\n<\/li>\n<li><span style=\"color: #333333;\"><strong>Integrovan\u00e9 audio<\/strong><\/span>\n<pre id=\"tw-target-text\" dir=\"ltr\" data-placeholder=\"P\u0159eklad\"><span style=\"color: #333333;\">Realtek ALC269 (HD-Audio) alebo C-Media CM6542 (USB)\r\nDva anal\u00f3gov\u00e9 audio konektory (3,5 mm) na spodnej strane:\r\n1) Linkov\u00fd v\u00fdstup (sl\u00fachadl\u00e1)\r\n2) Vstup pre mikrof\u00f3n\r\nDigit\u00e1lny zvuk je podporovan\u00fd cez HDMI.<\/span><\/pre>\n<\/li>\n<li><span style=\"color: #333333;\"><strong>Sie\u0165<\/strong><\/span>\n<pre id=\"tw-target-text\" dir=\"ltr\" data-placeholder=\"P\u0159eklad\"><span style=\"color: #333333;\">Ethernetov\u00fd radi\u010d Intel i211 alebo i219LM\r\nPodporuje prev\u00e1dzku 10\/100\/1000 MBit\/s\r\nPodporuje WAKE ON LAN (WOL) z re\u017eimov S3, S4\r\nPodporuje spustenie siete pomocou prostredia Preboot eXecution Environment (PXE)<\/span><\/pre>\n<\/li>\n<li><span style=\"color: #333333;\"><strong>Wifi\u00a0 (WLAN)<\/strong><\/span>\n<pre id=\"tw-target-text\" dir=\"ltr\" data-placeholder=\"P\u0159eklad\"><span style=\"color: #333333;\">Vstavan\u00e1 WLAN karta M.2-2230-E s dvoma intern\u00fdmi ant\u00e9nami\r\nWLAN ovl\u00e1da\u010d Realtek RTL8821CE-CG\r\nPodporuje WiFi IEEE 802.11b\/g\/n\/ac v p\u00e1sme 2,4\/5 GHz, 1T1R\r\nPodporuje \u0161\u00edrku p\u00e1sma kan\u00e1la 20\/40\/80 MHz\r\nZabezpe\u010denie: podporuje WPA(-PSK), WPA2(-PSK), WEP 64\/128 bit, IEEE 802.11x, IEEE 802.11i\r\nPodporuje Bluetooth 4.2 v p\u00e1sme 2,4 GHz<\/span><\/pre>\n<\/li>\n<li><span style=\"color: #333333;\"><strong>Predn\u00e9 LEDs<\/strong><\/span>\n<pre id=\"tw-target-text\" dir=\"ltr\" data-placeholder=\"P\u0159eklad\"><span style=\"color: #333333;\">LED nap\u00e1jania (modr\u00e1)\r\nLED di\u00f3da pevn\u00e9ho disku (oran\u017eov\u00e1)<\/span><\/pre>\n<\/li>\n<li><span style=\"color: #333333;\"><strong>Konektory na \u013eavej strane<\/strong><\/span>\n<pre id=\"tw-target-text\" dir=\"ltr\" data-placeholder=\"P\u0159eklad\"><span style=\"color: #333333;\">Vyp\u00edna\u010d\r\n2x USB 3.2 Gen 1 (5 Gbps)\r\n\u010d\u00edta\u010dka SD kariet\r\nOtvor s tla\u010didlom nap\u00e1jania\r\nOtvor s tla\u010didlom Clear CMOS\r\nPerfor\u00e1cia pre volite\u013en\u00fa ant\u00e9nu WLAN\/LTE (priemer: 6,5 mm)<\/span><\/pre>\n<\/li>\n<li><span style=\"color: #333333;\"><strong>Konektory na spodnej strane<\/strong><\/span>\n<pre id=\"tw-target-text\" dir=\"ltr\" data-placeholder=\"P\u0159eklad\"><span style=\"color: #333333;\">HDMI 1.4a (podporuje digit\u00e1lne video a digit\u00e1lny zvuk)\r\n2x USB 3.2 Gen 1 (5 Gbps)\r\n2x USB 2.0\r\nGigabitov\u00e1 sie\u0165 (LAN, RJ45)\r\nZvukov\u00fd linkov\u00fd v\u00fdstup \/ sl\u00fachadl\u00e1 (3,5 mm jack)\r\nVstup pre mikrof\u00f3n (3,5 mm jack)\r\nDC vstup pre extern\u00fd nap\u00e1jac\u00ed adapt\u00e9r (5,5 \/ 2,5 mm)\r\nPerfor\u00e1cia pre volite\u013en\u00fa ant\u00e9nu WLAN\/LTE (priemer: 6,5 mm)\r\nVolite\u013en\u00e9: 2x COM\/s\u00e9riov\u00fd (RJ45), DIO (RJ11) pre z\u00e1suvku na peniaze (pr\u00edslu\u0161enstvo POS01)<\/span><\/pre>\n<\/li>\n<li><span style=\"color: #333333;\"><strong>Konektory<\/strong><\/span>\n<pre id=\"tw-target-text\" dir=\"ltr\" data-placeholder=\"P\u0159eklad\"><span style=\"color: #333333;\">VGA konektor (D-Sub 15 pol., anal\u00f3gov\u00e9 video)\r\nVolite\u013en\u00e9: 2x COM\/s\u00e9riov\u00fd (D-Sub), 1x LPT\/paraleln\u00fd (pr\u00edslu\u0161enstvo: PCL71 alebo POS01)<\/span><\/pre>\n<\/li>\n<li><span style=\"color: #333333;\"><strong>Konektory na doske<\/strong><\/span>\n<pre id=\"tw-target-text\" dir=\"ltr\" data-placeholder=\"P\u0159eklad\"><span style=\"color: #333333;\">Intern\u00fd konektor USB 2.0 typu A pre USB k\u013e\u00fa\u010d\r\nSerial ATA (6 Gbps)\r\nSerial ATA nap\u00e1jac\u00ed konektor\r\n3x USB 2.0 hlavi\u010dka (v\u0161etky obsaden\u00e9)\r\neDP konektor (Embedded DisplayPort) - obsaden\u00fd displejom\r\nKonektor pre volite\u013en\u00fd COM\/LPT adapt\u00e9r POS01 alebo PCL71<\/span><\/pre>\n<\/li>\n<li><span style=\"color: #333333;\"><strong>Volite\u013en\u00e9<\/strong><\/span>\n<pre id=\"tw-target-text\" dir=\"ltr\" data-placeholder=\"P\u0159eklad\"><span style=\"color: #333333;\">\u0160asi obsahuje dva perforovan\u00e9 6,5 mm otvory\r\npre volite\u013en\u00e9 ant\u00e9ny namontovan\u00e9 s konektorom (RP-)SMA\r\npre bezdr\u00f4tov\u00e9 siete ako WLAN alebo WWAN (napr. LTE)<\/span><\/pre>\n<\/li>\n<li><span style=\"color: #333333;\"><strong>Nap\u00e1janie<\/strong><\/span>\n<pre id=\"tw-target-text\" dir=\"ltr\" data-placeholder=\"P\u0159eklad\"><span style=\"color: #333333;\">Extern\u00fd 65 W nap\u00e1jac\u00ed adapt\u00e9r (bez ventil\u00e1tora)\r\nVstup: 100~240 V AC, 50\/60 Hz, max. 1,6 A\r\nV\u00fdstup: 19 V DC, max. 3,42 A, max. 65 W\r\nAC sie\u0165ov\u00fd k\u00e1bel: 3 kol\u00edky, cca. D\u013a\u017eka 1,7 m, so spojkou C5\/C6 (naz\u00fdvanou \u201eMickey Mouse\u201c alebo \u201e\u010fatelinov\u00fd list\u201c) pre nap\u00e1jac\u00ed adapt\u00e9r a z\u00e1str\u010dkou CEE-7\/7 s uzem\u0148ovac\u00edm kontaktom (typ E+F) pre sie\u0165ov\u00fa z\u00e1suvku<\/span><\/pre>\n<\/li>\n<li><span style=\"color: #333333;\"><strong>DC Input konektor<\/strong><\/span>\n<pre id=\"tw-target-text\" dir=\"ltr\" data-placeholder=\"P\u0159eklad\"><span style=\"color: #333333;\">Vstupn\u00fd DC konektor: 5,5 \/ 2,5 mm (vonkaj\u0161\u00ed\/vn\u00fatorn\u00fd priemer)\r\nDC-vstup po\u010d\u00edta\u010da podporuje extern\u00fd\r\nnap\u00e1jac\u00ed zdroj s 12V\u00b15% alebo 19V\u00b15%.<\/span><\/pre>\n<\/li>\n<li><span style=\"color: #333333;\"><strong>Pr\u00edslu\u0161enstvo:<\/strong><\/span>\n<pre><span style=\"color: #333333;\">Stru\u010dn\u00fd n\u00e1vod DVD s ovl\u00e1da\u010dmi pre Windows Extern\u00fd\u00a0nap\u00e1jac\u00ed adapt\u00e9r (65\u00a0W \/ 19\u00a0V) AC nap\u00e1jac\u00ed k\u00e1bel s ochrann\u00fdmi uzem\u0148ovac\u00edmi kontaktmi Skrutky<\/span><\/pre>\n<\/li>\n<li><span style=\"color: #333333;\"><strong>Volite\u013en\u00e9 pr\u00edslu\u0161enstvo:<\/strong><\/span>\n<pre><span style=\"color: #333333;\">PCL71: COM \/ LPT \/ RJ11 adapter:<\/span>\r\n<span style=\"color: #333333;\">- 1x Parallel (25p D-Sub)<\/span>\r\n<span style=\"color: #333333;\">- 2x Serial RS232 (9p D-Sub) supports 0 \/ 5 \/ 12V<\/span>\r\n<span style=\"color: #333333;\">POS01: COM \/ LPT \/ RJ11 adapter:<\/span>\r\n<span style=\"color: #333333;\">- 1x Parallel (25p D-Sub)<\/span>\r\n<span style=\"color: #333333;\">- 2x Serial RS232 (9p D-Sub) supports 0 \/ 5 \/ 12V<\/span>\r\n<span style=\"color: #333333;\">- 2x Serial RS232 (8p RJ45)<\/span>\r\n<span style=\"color: #333333;\">- 1x DIO\/RJ11 connector for cash drawer supports 12 \/ 24V<\/span><\/pre>\n<\/li>\n<li><span style=\"color: #333333;\"><strong>Prev\u00e1dzkov\u00e9 podmienky<\/strong><\/span>\n<pre><span style=\"color: #333333;\">Prev\u00e1dzkov\u00e1 teplota: 0~40 \u00b0C\r\nVlhkos\u0165: 10~90 %, bez kondenz\u00e1cie<\/span><\/pre>\n<\/li>\n<li><span style=\"color: #333333;\"><strong>Certifik\u00e1cia<\/strong><\/span>\n<pre><span style=\"color: #333333;\">EMI: CE, FCC, BSMI, RCM, VCCI<\/span>\r\n<span style=\"color: #333333;\">Safety: CB, cTUVus, BSMI<\/span>\r\n<span style=\"color: #333333;\">Other compliances: RoHS, ErP Lot3, Energy Star v8.0<\/span><\/pre>\n<\/li>\n<li><span style=\"color: #333333;\"><strong>Conformity<\/strong><\/span>\n<pre><span style=\"color: #333333;\">This device is classed as a technical information equipment (ITE) in class B and is intended for use in living room and office. The CE-mark approves the conformity by the EU directives:<\/span>\r\n<span style=\"color: #333333;\">(1) 2014\/30\/EU relating to electromagnetic compatibility (EMC),<\/span>\r\n<span style=\"color: #333333;\">(2) 2014\/35\/EU relating to Electrical Equipment designed for use within certain voltage limits (LVD),<\/span>\r\n<span style=\"color: #333333;\">(3) 2009\/125\/EC relating to eco design requirements for energy-related products (ErP),<\/span>\r\n<span style=\"color: #333333;\">(4) 2014\/53\/EU Radio Equipment Directive (RED)<\/span><\/pre>\n<\/li>\n<\/ul>\n","protected":false},"excerpt":{"rendered":"<p>Vodeodoln\u00fd dotykov\u00fd po\u010d\u00edta\u010d s procesorom rady Intel Celeron s dotykovou obrazovkou a 8 GB RAM, 120 GB SSD.<\/p>\n","protected":false},"featured_media":487,"template":"","meta":[],"product_brand":[],"product_cat":[23],"product_tag":[],"class_list":{"0":"post-486","1":"product","2":"type-product","3":"status-publish","4":"has-post-thumbnail","6":"product_cat-all-in-one-pocitace","8":"first","9":"instock","10":"shipping-taxable","11":"purchasable","12":"product-type-simple"},"_links":{"self":[{"href":"https:\/\/be.portos.sk\/index.php\/wp-json\/wp\/v2\/product\/486","targetHints":{"allow":["GET"]}}],"collection":[{"href":"https:\/\/be.portos.sk\/index.php\/wp-json\/wp\/v2\/product"}],"about":[{"href":"https:\/\/be.portos.sk\/index.php\/wp-json\/wp\/v2\/types\/product"}],"wp:featuredmedia":[{"embeddable":true,"href":"https:\/\/be.portos.sk\/index.php\/wp-json\/wp\/v2\/media\/487"}],"wp:attachment":[{"href":"https:\/\/be.portos.sk\/index.php\/wp-json\/wp\/v2\/media?parent=486"}],"wp:term":[{"taxonomy":"product_brand","embeddable":true,"href":"https:\/\/be.portos.sk\/index.php\/wp-json\/wp\/v2\/product_brand?post=486"},{"taxonomy":"product_cat","embeddable":true,"href":"https:\/\/be.portos.sk\/index.php\/wp-json\/wp\/v2\/product_cat?post=486"},{"taxonomy":"product_tag","embeddable":true,"href":"https:\/\/be.portos.sk\/index.php\/wp-json\/wp\/v2\/product_tag?post=486"}],"curies":[{"name":"wp","href":"https:\/\/api.w.org\/{rel}","templated":true}]}}