{"id":489,"date":"2024-11-07T10:35:16","date_gmt":"2024-11-07T09:35:16","guid":{"rendered":"https:\/\/be.portos.sk\/?post_type=product&#038;p=489"},"modified":"2024-11-07T11:03:57","modified_gmt":"2024-11-07T10:03:57","slug":"all-in-one-shuttle-15-x50v7u3","status":"publish","type":"product","link":"https:\/\/be.portos.sk\/index.php\/produkt\/all-in-one-shuttle-15-x50v7u3\/","title":{"rendered":"All-In-One Shuttle 15&#8243; X50V7U3"},"content":{"rendered":"<p>Roz\u0161\u00edrenie na 240\u00a0GB SSD\u00a0+ 30\u20ac<\/p>\n<p>Model X50V7 je najnov\u0161\u00edm pr\u00edrastkom do s\u00e9rie AIO X50, ktor\u00fd vyu\u017e\u00edva procesor Intel Core i3-8145U. Nov\u00e1 architekt\u00fara Whiskey Lake-U pom\u00e1ha zvy\u0161ova\u0165 v\u00fdpo\u010dtov\u00fd v\u00fdkon. V\u010faka pas\u00edvnemu chladeniu je syst\u00e9m nehlu\u010dn\u00fd, bez\u00fadr\u017ebov\u00fd a pefektn\u00fd pre nepretr\u017e\u00edt\u00fa prev\u00e1dzku 24\/7. Je obzvl\u00e1\u0161\u0165 vhodn\u00fd pre vertik\u00e1lne umiestnenie, pri\u010dom konektory s\u00fa umiestnen\u00e9 v spodnej \u010dasti a predn\u00fd panel vyhovuje IP54, je chr\u00e1nen\u00fd proti prachu a strekaj\u00facej vode.<\/p>\n<p>V\u010faka pas\u00edvnemu chladeniu a predn\u00e9mu panelu IP54 je syst\u00e9m prakticky bezhlu\u010dn\u00fd, bez\u00fadr\u017ebov\u00fd a zais\u0165uje vysoko stabiln\u00fa prev\u00e1dzku 24 hod\u00edn denne, 7 dn\u00ed v t\u00fd\u017edni. Navy\u0161e, s flexibiln\u00fdmi mo\u017enos\u0165ami roz\u0161\u00edrenia m\u00f4\u017eu pou\u017e\u00edvatelia jednoducho upgradova\u0165 svoje zariadenia pomocou portov COM, LPT a DIO.<\/p>\n<ul>\n<li><span style=\"color: #000000;\">Tich\u00fd bez ventil\u00e1tora<\/span><\/li>\n<li><span style=\"color: #000000;\">Pas\u00edvne chladenie, v\u00f4bec \u017eiaden hluk ventil\u00e1tora<\/span><\/li>\n<li><span style=\"color: #000000;\">Perfektn\u00e9 na pou\u017eitie v prostrediach citliv\u00fdch na hluk<\/span><\/li>\n<li><span style=\"color: #000000;\">Bez ventil\u00e1tora, bez prachu, bez \u00fadr\u017eby<\/span><\/li>\n<li><span style=\"color: #000000;\">24\/7 nonstop prev\u00e1dzka<\/span><\/li>\n<\/ul>\n<h5>Ochrana IP54 \u0161tandard<\/h5>\n<p>Cel\u00e1 predn\u00e1 strana je chr\u00e1nen\u00e1 proti prachu a striekaj\u00facej vode v s\u00falade s triedou ochrany IP54, \u010do je ide\u00e1lne do drsn\u00e9ho prostredia, ale aj ve\u013emi \u013eahko sa \u010dist\u00ed.<\/p>\n<h5>Tich\u00fd bez ventil\u00e1tora<\/h5>\n<p>Technol\u00f3gia bez ventil\u00e1tora pou\u017eit\u00e1 v tomto po\u010d\u00edta\u010di znamen\u00e1, \u017ee je neuverite\u013ene tich\u00fd. Odstr\u00e1nenie t\u00fdchto mechanick\u00fdch komponentov tie\u017e zni\u017euje po\u010det opotrebovan\u00fdch dielov, v\u010faka \u010domu je zariadenie odolnej\u0161ie a stabilnej\u0161ie.<\/p>\n<h5>Dotykov\u00e1 obrazovka<\/h5>\n<p>Resist\u00edvna dotykov\u00e1 obrazovka umo\u017e\u0148uje prev\u00e1dzku aj bez kontaktu s poko\u017ekou, napr. rukavicami, alebo perom, a preto je vhodn\u00fd najm\u00e4 do n\u00e1ro\u010dn\u00e9ho prostredia.<\/p>\n<h5>V\u017edy zapnut\u00fd<\/h5>\n<p>Zariadenie je vybaven\u00e9 hardv\u00e9rov\u00fdm rie\u0161en\u00edm, ktor\u00e9 umo\u017e\u0148uje trval\u00e9 zapnutie zariadenia (napr. po v\u00fdpadku nap\u00e1jania). Ak odstr\u00e1nite prepojku pod\u013ea dokument\u00e1cie, po\u010d\u00edta\u010d sa spust\u00ed hne\u010f po obnoven\u00ed nap\u00e1jania.<\/p>\n<h5>Vhodn\u00e9 pre pr\u00e1cu s tromi monitormi<\/h5>\n<p>V\u010faka a\u017e trom pripojeniam displeja m\u00f4\u017ee tento model poh\u00e1\u0148a\u0165 a\u017e tri displeje s\u00fa\u010dasne, \u010do ho rob\u00ed vhodn\u00fdm pre videostreamy, aplik\u00e1cie pracovn\u00fdch stan\u00edc a podobne, ktor\u00e9 vy\u017eaduj\u00fa s\u00fa\u010dasn\u00e9 spracovanie obrovsk\u00e9ho mno\u017estva \u00fadajov.<\/p>\n<h5>\u010c\u00edta\u010dka kariet<\/h5>\n<p>Jednoduch\u00e1 mo\u017enos\u0165 vlo\u017eenia pam\u00e4\u0165ovej karty, \u010d\u00edm z\u00edskate okam\u017eit\u00fd pr\u00edstup k svojim datam.<\/p>\n<h5>HDMI rozhranie<\/h5>\n<p>K tomuto zariadeniu je mo\u017en\u00e9 pripoji\u0165 modern\u00e9 TV , TFT obrazovky pomocou jedn\u00e9ho k\u00e1bla HDMI. Zvukov\u00fd v\u00fdstup sa \u010dasto pren\u00e1\u0161a v skvelej kvalite aj pomocou k\u00e1bla HDMI.<\/p>\n<h5>Ochrana proti kr\u00e1de\u017ei<\/h5>\n<p>Z\u00e1mok Kensington je s\u00fa\u010das\u0165ou syst\u00e9mu proti kr\u00e1de\u017ei. Rovnako ako v pr\u00edpade mnoh\u00fdch in\u00fdch notebookov, aj toto zariadenie je mo\u017en\u00e9 jednoducho uzamkn\u00fa\u0165.<\/p>\n<h5>Vstavan\u00e9 stereo reproduktory<\/h5>\n<p>Dva v\u00fdkonn\u00e9 reproduktory s\u00fa elegantne integrovan\u00e9 do dizajnu a poskytuj\u00fa neuverite\u013ene dobr\u00fa kvalitu zvuku. Pr\u00edpadne je mo\u017enos\u0165 pripoji\u0165 extern\u00e9 reproduktory.<\/p>\n<h5>Extern\u00fd zdroj nap\u00e1jania bez ventil\u00e1tora<\/h5>\n<p>Vysoko efekt\u00edvny extern\u00fd zdroj nap\u00e1jania dod\u00e1va zariadeniu energiu a ke\u010f\u017ee funguje bez ventil\u00e1tora je maxim\u00e1lne tich\u00fd.<\/p>\n<h5>Komunik\u00e1cia<\/h5>\n<p>Integrovan\u00e1 gigabitov\u00e1 LAN \u010dipov\u00e1 sada otv\u00e1ra \u00faplne nov\u00e9 mo\u017enosti komunik\u00e1cie bez obmedzenia r\u00fdchlosti prenosu d\u00e1t.<\/p>\n<h5>Bezdr\u00f4tov\u00e9 pripojenie<\/h5>\n<p>Data s\u00fa pren\u00e1\u0161an\u00e9 bezdr\u00f4tovo bez pou\u017eitia k\u00e1blov. Pr\u00edstup k internetu je tak ove\u013ea jednoduch\u0161\u00ed.<\/p>\n<h5>Dlh\u0161ia \u017eivotnos\u0165 a stabilita syst\u00e9mu<\/h5>\n<p>V\u0161etky komponenty vysoko integrovanej z\u00e1kladnej dosky s\u00fa vybaven\u00e9 modern\u00fdmi kondenz\u00e1tormi, ktor\u00e9 pon\u00fakaj\u00fa \u0161es\u0165n\u00e1sobn\u00fa \u017eivotnos\u0165 be\u017en\u00fdch kondenz\u00e1torov.<\/p>\n<h5>Udr\u017eiavanie kontaktu<\/h5>\n<p>Revolu\u010dn\u00e1 dotykov\u00e1 obrazovka umo\u017e\u0148uje ovl\u00e1da\u0165 toto zariadenie bez pou\u017eitia my\u0161i, alebo kl\u00e1vesnice. Dotykom na obrazovku prstom, alebo stylusom sa nahrad\u00ed my\u0161 a pomocou virtu\u00e1lnej kl\u00e1vesnice je mo\u017en\u00e9 nahradi\u0165 kl\u00e1vesnicu.<\/p>\n<h5>Bezpe\u010dne pripevnen\u00e9<\/h5>\n<p>Praktick\u00fd VESA dr\u017eiak umo\u017e\u0148uje pripevnenie k ramen\u00e1m monitora a dr\u017eiakom na stenu. Podporuje \u0161tandardn\u00fd VESA tak\u017ee vyhovuje v\u00e4\u010d\u0161ine pripojeniam.<\/p>\n<h5>Integrovan\u00e1 web kamera<\/h5>\n<p>Zabudovan\u00e1 web kamera umo\u017e\u0148uje bezprobl\u00e9mov\u00e9 videohovory a videokonferencie vo vysokej kvalite.<\/p>\n<h5>N\u00edzka spotreba energie<\/h5>\n<p>\u0160etrnos\u0165. Pokia\u013e ide o spotrebu energie tak tento produkt ide pr\u00edkladom.<\/p>\n<h5>2.5&#8243; SSD\/HDD<\/h5>\n<p>Extr\u00e9mne kompaktn\u00e9 p\u00fazdro pon\u00faka menej miesta na disky, pre tento po\u010d\u00edta\u010d pou\u017e\u00edva tenk\u00e9 2,5 palcov\u00e9 SSD\/HDD. V\u00fdhodou je \u017ee je menej hluku a generovan\u00e9ho tepla, a ni\u017e\u0161ia spotreba energie. Mal\u00e9 pevn\u00e9 disky v\u0161ak nemusia znamena\u0165 menej miesta. Modern\u00e9 2,5 disky s\u00fa rovnako dobr\u00e9 ako ich 3,5 bratia.<\/p>\n<h5>R\u00fdchle spustenie syst\u00e9mu a programu v\u010faka podpore NVMe<\/h5>\n<p>SSD disky s\u00fa v porovnan\u00ed s HDD ove\u013ea r\u00fdchlej\u0161ie. \u010co je v\u0161ak mo\u017en\u00e9 v\u010faka modulom M.2 s technol\u00f3giou PCIe expres vyr\u00e1\u017ea dych. Moduly NVMe sprac\u00favaj\u00fa nieko\u013eko gigabajtov za sekundu a zais\u0165uj\u00fa tak spustenie syst\u00e9mu za nieko\u013eko sek\u00fand so zrete\u013ene krat\u0161\u00edmi \u010dasmi spustenia programu.<\/p>\n<h5>Vhodn\u00e9 pre neust\u00e1lu prev\u00e1dzku<\/h5>\n<p>Pracujte 24h denne, 7 dn\u00ed v t\u00fd\u017edni. Preto\u017ee nepou\u017e\u00edva \u017eiadne pohybliv\u00e9 \u010dasti, napr. ventil\u00e1tor, je tento Mini po\u010d\u00edta\u010d schv\u00e1len\u00fd pre nepretr\u017eit\u00fa prev\u00e1dzku. To znamen\u00e1 ni\u017e\u0161ie n\u00e1klady na \u00fadr\u017ebu a dlh\u0161iu \u017eivotnos\u0165. Tento po\u010d\u00edta\u010d je doporu\u010den\u00fd pre trval\u00fa non-stop prev\u00e1dzku 24\/7 za splnenia t\u00fdchto po\u017eiadaviek:<\/p>\n<ul>\n<li><span style=\"color: #000000;\">Mus\u00ed by\u0165 zaru\u010den\u00e1 vo\u013en\u00e1 cirkul\u00e1cia vzduchu okolo PC<\/span><\/li>\n<li><span style=\"color: #000000;\">Ventila\u010dn\u00e9 otvory musia by\u0165 vy\u010disten\u00e9<\/span><\/li>\n<li><span style=\"color: #000000;\">Ak je in\u0161talovan\u00fd pevn\u00fd disk, mus\u00ed by\u0165 tie\u017e doporu\u010den\u00fd v\u00fdrobcom pre trval\u00fa prev\u00e1dzku<\/span><\/li>\n<\/ul>\n<h5>Komunik\u00e1cia Bluetooth<\/h5>\n<p>Pomocou rozhrania Bluetooth je mo\u017en\u00e9 \u013eahko pren\u00e1\u0161a\u0165 \u00fadaje ako napr\u00edklad hudbu a obr\u00e1zky.<\/p>\n<h5>VGA konektor<\/h5>\n<p>Na pripojenie monitorov, projektorov, TV pr\u00edjma\u010dov je k dispoz\u00edcii VGA konektor pre pripojenie.<\/p>\n<h5>Konektory<\/h5>\n<p>Konektory na \u013eavej strane:<\/p>\n<ul>\n<li><span style=\"color: #000000;\">Tla\u010didlo zapnutie<\/span><\/li>\n<li><span style=\"color: #000000;\">2x USB 3.2 Gen 1 (5 Gbps)<\/span><\/li>\n<li><span style=\"color: #000000;\">SD card \u010d\u00edta\u010dka<\/span><\/li>\n<li><span style=\"color: #000000;\">Hole with power button<\/span><\/li>\n<li><span style=\"color: #000000;\">Hole with Clear CMOS button<\/span><\/li>\n<li><span style=\"color: #000000;\">Perforation for optional WLAN\/LTE antenna (diameter: 6.5 mm)<\/span><\/li>\n<\/ul>\n<p>Konektory na spodnej strane:<\/p>\n<ul>\n<li><span style=\"color: #000000;\">HDMI 1.4a (supports digital video and digital audio)<\/span><\/li>\n<li><span style=\"color: #000000;\">2x USB 3.2 Gen 1 (5 Gbps)<\/span><\/li>\n<li><span style=\"color: #000000;\">2x USB 2.0<\/span><\/li>\n<li><span style=\"color: #000000;\">Gigabit Network (LAN, RJ45)<\/span><\/li>\n<li><span style=\"color: #000000;\">Audio Line-out \/ head-phones (3.5 mm jack)<\/span><\/li>\n<li><span style=\"color: #000000;\">Microphone input (3.5 mm jack)<\/span><\/li>\n<li><span style=\"color: #000000;\">DC input for external power adapter (5.5 \/ 2.5 mm)<\/span><\/li>\n<li><span style=\"color: #000000;\">Perforation for optional WLAN\/LTE antenna (diameter: 6.5 mm)<\/span><\/li>\n<li><span style=\"color: #000000;\">Optional: 2x COM\/serial (RJ45), DIO (RJ11) for cash drawer (accessory POS01)<\/span><\/li>\n<\/ul>\n<p>Konektory na zadnej strane:<\/p>\n<ul>\n<li><span style=\"color: #000000;\">VGA konektor (D-Sub 15 pol., analog video)<\/span><\/li>\n<li><span style=\"color: #000000;\">Volite\u013en\u00e9: 2x COM\/serial (D-Sub), 1x LPT\/parallel (accessory: PCL71 or POS01)<\/span><\/li>\n<\/ul>\n<h5>Pr\u00edslu\u0161enstvo<\/h5>\n<ul>\n<li><span style=\"color: #000000;\">Pr\u00edru\u010dka pre u\u017eivate\u013ea<\/span><\/li>\n<li><span style=\"color: #000000;\">DVD s ovl\u00e1da\u010dmi<\/span><\/li>\n<li><span style=\"color: #000000;\">Extern\u00fd nap\u00e1jac\u00ed adapt\u00e9r (65W \/ 19V)<\/span><\/li>\n<li><span style=\"color: #000000;\">Nap\u00e1jac\u00ed k\u00e1bel<\/span><\/li>\n<li><span style=\"color: #000000;\">Serial ATA k\u00e1bel pre 2.5&#8243; disk<\/span><\/li>\n<li><span style=\"color: #000000;\">Skrutky<\/span><\/li>\n<\/ul>\n<h5>Volite\u013en\u00e9 pr\u00edslu\u0161enstvo<\/h5>\n<p>PCL71:\u00a0COM \/ LPT \/ RJ11 adapt\u00e9r:<\/p>\n<ul>\n<li><span style=\"color: #000000;\">1x Parallel (25p D-Sub)<\/span><\/li>\n<li><span style=\"color: #000000;\">2x Serial RS232 (9p D-Sub) podpora 0 \/ 5 \/ 12V<\/span><\/li>\n<\/ul>\n<p>POS01:\u00a0COM \/ LPT \/ RJ11 adapt\u00e9r:<\/p>\n<ul>\n<li><span style=\"color: #000000;\">1x Parallel (25p D-Sub)<\/span><\/li>\n<li><span style=\"color: #000000;\">2x Serial RS232 (9p D-Sub) podpora 0 \/ 5 \/ 12V<\/span><\/li>\n<li><span style=\"color: #000000;\">2x Serial RS232 (8p RJ45)<\/span><\/li>\n<li><span style=\"color: #000000;\">1x DIO\/RJ11 konektor pre pokladni\u010dn\u00fa z\u00e1suvku podpora 12 \/ 24V<\/span><\/li>\n<\/ul>\n<p>PF55:\u00a0Prenosn\u00e1 ta\u0161ka<\/p>\n","protected":false},"excerpt":{"rendered":"<p>Vodeodoln\u00fd dotykov\u00fd po\u010d\u00edta\u010d s procesorom rady Intel Core i3 s dotykovou obrazovkou a 8 GB RAM a SSD diskom 120GB.<\/p>\n","protected":false},"featured_media":490,"template":"","meta":[],"product_brand":[],"product_cat":[23],"product_tag":[],"class_list":{"0":"post-489","1":"product","2":"type-product","3":"status-publish","4":"has-post-thumbnail","6":"product_cat-all-in-one-pocitace","8":"first","9":"instock","10":"shipping-taxable","11":"purchasable","12":"product-type-simple"},"_links":{"self":[{"href":"https:\/\/be.portos.sk\/index.php\/wp-json\/wp\/v2\/product\/489","targetHints":{"allow":["GET"]}}],"collection":[{"href":"https:\/\/be.portos.sk\/index.php\/wp-json\/wp\/v2\/product"}],"about":[{"href":"https:\/\/be.portos.sk\/index.php\/wp-json\/wp\/v2\/types\/product"}],"wp:featuredmedia":[{"embeddable":true,"href":"https:\/\/be.portos.sk\/index.php\/wp-json\/wp\/v2\/media\/490"}],"wp:attachment":[{"href":"https:\/\/be.portos.sk\/index.php\/wp-json\/wp\/v2\/media?parent=489"}],"wp:term":[{"taxonomy":"product_brand","embeddable":true,"href":"https:\/\/be.portos.sk\/index.php\/wp-json\/wp\/v2\/product_brand?post=489"},{"taxonomy":"product_cat","embeddable":true,"href":"https:\/\/be.portos.sk\/index.php\/wp-json\/wp\/v2\/product_cat?post=489"},{"taxonomy":"product_tag","embeddable":true,"href":"https:\/\/be.portos.sk\/index.php\/wp-json\/wp\/v2\/product_tag?post=489"}],"curies":[{"name":"wp","href":"https:\/\/api.w.org\/{rel}","templated":true}]}}