{"id":527,"date":"2024-11-08T11:12:56","date_gmt":"2024-11-08T10:12:56","guid":{"rendered":"https:\/\/be.portos.sk\/?post_type=product&#038;p=527"},"modified":"2024-11-08T11:17:38","modified_gmt":"2024-11-08T10:17:38","slug":"pc-all-in-one-shuttle-xpc-p92u5","status":"publish","type":"product","link":"https:\/\/be.portos.sk\/index.php\/produkt\/pc-all-in-one-shuttle-xpc-p92u5\/","title":{"rendered":"PC All-in-one Shuttle XPC P92U5"},"content":{"rendered":"<p>PC All-in-one Shuttle XPC P92U5<\/p>\n<p>Roz\u0161\u00edrenie VESA stojan: + 50\u20ac<\/p>\n<p>Shuttle XPC all-in-one P92U5 (Procesor &#8222;Intel Core i5-10210U (ULV)&#8220; \/ 8 GB RAM \/ 240 GBB SSD ) je All-in-One PC s kapacitnou dotykovou obrazovkou v 19,5-palcovom form\u00e1te. Procesor Intel &#8222;Comet Lake-U&#8220; Ultra-Low-Voltage poskytuje vysok\u00fd v\u00fdpo\u010dtov\u00fd v\u00fdkon a z\u00e1rove\u0148 udr\u017euje spotrebu energie na n\u00edzkej \u00farovni. V\u010faka pas\u00edvnemu chladeniu je syst\u00e9m prakticky bezhlu\u010dn\u00fd, bez\u00fadr\u017ebov\u00fd a schv\u00e1len\u00fd pre nonstop prev\u00e1dzku 24\/7. Obzvl\u00e1\u0161\u0165 vhodn\u00e9 pre vertik\u00e1lne aplik\u00e1cie je usporiadanie konektorov v spodnej \u010dasti a predn\u00fd panel v s\u00falade s IP54, ktor\u00fd je chr\u00e1nen\u00fd proti prachu a striekaj\u00facej vode.<\/p>\n<p>Z\u00e1kladn\u00e9 vlastnosti:<\/p>\n<p>&#8211; Procesor Intel Core i5-10210U (ULV)<br \/>\n&#8211; Kapacitn\u00fd 19.5&#8243; (49.5 cm) multi-touch displej (1600\u00d7900 px)<br \/>\n&#8211; Pam\u00e4\u0165 RAM 4GB mo\u017enos\u0165 roz\u0161\u00edrenia a\u017e do 64 GB DDR4<br \/>\n-240 GB SSD<br \/>\n&#8211; HDMI a VGA port pre pripojenie extern\u00e9ho monitora<br \/>\n&#8211; 1\u00d7 NVMe, 1\u00d7 SATA 2.5&#8243;, \u010d\u00edta\u010dka kariet<br \/>\n&#8211; Gigabit Ethernet, WLAN-ac a Bluetooth<br \/>\n&#8211; 6\u00d7 USB extern\u00e9 , 1\u00d7 USB intern\u00e9, COM\/LPT\/DIO porty (volite\u013en\u00e9)<br \/>\n&#8211; vstavan\u00fd reproduktor, kamera a mikrof\u00f3n<br \/>\n&#8211; flexibiln\u00fd stojan a VESA mont\u00e1\u017e<br \/>\n&#8211; Always-on jumper<br \/>\n&#8211; NFC volite\u013en\u00e9<\/p>\n<p><img decoding=\"async\" src=\"https:\/\/www.axis-distribution.sk\/Data\/1379\/UserFiles\/XPC-all-in-one-P92U5\/ScreenHunter_1.jpg\" alt=\"\" \/><\/p>\n<h5>Bez ventil\u00e1tora a tich\u00fd<\/h5>\n<p>Pas\u00edvne chladenie pomocou tepelnej trubky, absol\u00fatne \u017eiadny hluk ventil\u00e1tora<br \/>\nIde\u00e1lne pre prostredia citliv\u00e9 na hluk<br \/>\nBez ventil\u00e1tora, nen\u00e1chyln\u00fd na prach a teda prakticky bez\u00fadr\u017ebov\u00fd<\/p>\n<h5>24\/7 nonstop prev\u00e1dzka<\/h5>\n<p>Toto zariadenie je schv\u00e1len\u00e9 a vhodn\u00e9 pre nepretr\u017eit\u00fa prev\u00e1dzku 24\/7.<br \/>\nPo\u017eiadavky:<\/p>\n<p>&#8211; Mus\u00ed by\u0165 zaru\u010den\u00e1 vo\u013en\u00e1 cirkul\u00e1cia vzduchu k PC.<br \/>\n&#8211; Vetracie otvory musia by\u0165 \u010dist\u00e9.<br \/>\n&#8211; Ak je nain\u0161talovan\u00fd pevn\u00fd disk, mus\u00ed by\u0165 tie\u017e schv\u00e1len\u00fd ako trval\u00e1 s\u00fa\u010das\u0165 prev\u00e1dzky jeho v\u00fdrobcom.<\/p>\n<h5>IP54 ochrana<\/h5>\n<p>Predn\u00fd panel je chr\u00e1nen\u00fd pred prachom a striekaj\u00facej vode pod\u013ea triedy ochrany IP54.<\/p>\n<h5>\u0160trukt\u00fara:<\/h5>\n<p>Farba: \u010dierna alebo biela<br \/>\nRozmery: 487 x 321 x 44 mm (\u0160 x V x H)<br \/>\n100 mm mont\u00e1\u017e na VESA<br \/>\nOtvor pre z\u00e1mok Kensington<br \/>\nHmotnos\u0165: 4,29 kg netto, 5,62 kg brutto<\/p>\n<h5>Opera\u010dn\u00fd syst\u00e9m<\/h5>\n<p>Tento syst\u00e9m sa dod\u00e1va bez opera\u010dn\u00e9ho syst\u00e9mu.<br \/>\nJe kompatibiln\u00fd s:<br \/>\n&#8211; Windows 11 &#8211; 64-bit<br \/>\n&#8211; Windows 10 &#8211; 64-bit<br \/>\n&#8211; Linux &#8211; 64-bit<\/p>\n<h5>Dotykov\u00e1 obrazovka<\/h5>\n<p>Funkcia dotykovej obrazovky podporuje zad\u00e1vanie kon\u010dekmi prstov<br \/>\nKapacitn\u00fd dotykov\u00fd panel s 10-bodov\u00fdm viacdotykov\u00fdm ovl\u00e1dan\u00edm<br \/>\nPodporuje ovl\u00e1danie aj s rukavicami (PVC, bavlna, bavlna \/ \u013ean)<br \/>\nStylus nie je podporovan\u00fd<\/p>\n<h5>49,5 cm displej (19,5&#8243;)<\/h5>\n<p>49,5 cm \/ 19,5 &#8222;LCD displej<\/p>\n<p>Pomer str\u00e1n: \u0161irokouhl\u00fd panel 16:9<br \/>\nRozl\u00ed\u0161enie: 1600 x 900 = 1,44 megapixelov (WSXGA \/ HD +)<\/p>\n<h5>Procesor<\/h5>\n<p>Model:\u00a0Intel Core i5-10210U (ULV)<br \/>\nArchitekt\u00fara System-on-a-chip (SoC) s integrovanou pam\u00e4\u0165ou a grafick\u00fdm radi\u010dom<br \/>\nBal\u00edk FCBGA1528 &#8211; prip\u00e1jan\u00fd priamo na z\u00e1kladn\u00fa dosku<br \/>\nK\u00f3dov\u00e9 meno: Comet Lake U (10. gener\u00e1cia Intel Core)<br \/>\nJadr\u00e1: 2<br \/>\nZ\u00e1kladn\u00e1 frekvencia: 1,9\u00a0GHz<br \/>\nIntel Smart Cache: 6 MB<br \/>\nTDP v\u00fdkon: maxim\u00e1lne 15 W<br \/>\nV\u00fdrobn\u00fd proces: 14nm<br \/>\nMaxim\u00e1lna teplota spoja: 100 \u00b0C<br \/>\nPodporuje 64-bit, VT-x (EPT), VT-d, Enhanced SpeedStep, NX bit, AES-NI, SSE 4.1 \/ 4.2 4.1 \/ 4.2<\/p>\n<h5>Integrovan\u00e1 grafika<\/h5>\n<p>Grafika Intel UHD<br \/>\nFrekvencia GPU: 300 ~ 900\u00a0MHz<br \/>\nV\u00fdkonn\u00e9 jednotky (E\u00da): 24<br \/>\nPodporuje DirectX 12, OpenGL 4.5<br \/>\nPodporuje \u00fapln\u00e9 hardv\u00e9rov\u00e9 \u200b\u200bdek\u00f3dovanie H264, H265 8\/10 bit, VP8 \/ 9, VC-1, AVC<br \/>\nPodporuje technol\u00f3giu Quick Sync Video a Clear Video HD<\/p>\n<h5>A\u017e tri displeje s\u00fa\u010dasne<\/h5>\n<p>Dva video porty podporuj\u00fa dve \u010fal\u0161ie nez\u00e1visl\u00e9 obrazovky:<br \/>\n1) HDMI 1.4b podporuje 1920 x 1080 pri 60 Hz alebo 3840 x 2160 pri 30 Hz<br \/>\n2) Anal\u00f3gov\u00e9 video VGA \/ D-Sub podporuje rozl\u00ed\u0161enie 1920 x 1080 pri 60 Hz<\/p>\n<h5>Re\u017eimy viacer\u00fdch monitorov s\u00fa nasledovn\u00e9:<\/h5>\n<p>Re\u017eim klonovania: V\u0161etky displeje zobrazuj\u00fa rovnak\u00fd obsah v rozl\u00ed\u0161en\u00ed 1600 x 900.<br \/>\nRoz\u0161\u00edren\u00fd re\u017eim: v\u0161etky displeje zobrazuj\u00fa odli\u0161n\u00fd obsah.<\/p>\n<h5>BIOS<\/h5>\n<p>AMI BIOS v 8 MB EEPROM s rozhran\u00edm SPI<br \/>\nPodporuje neust\u00e1le zapnutie aj po v\u00fdpadku nap\u00e1jania \/ v\u017edy zapnut\u00e9<br \/>\nPodporuje Wake-on-LAN (WOL) zo stavov ACPI S3, S4, S5<br \/>\nPodporuje monitorovanie hardv\u00e9ru a funkciu Watchdog<br \/>\nPodporuje funkciu Firmware TPM v2.0<\/p>\n<h5>Podpora pam\u00e4te<\/h5>\n<p>2x slot SO-DIMM s 260 pinmi<br \/>\nPodporuje DDR4-2666 (PC4-21300) SDRAM pri 1,2 V<br \/>\nPodporuje re\u017eim Dual Channel<br \/>\nPodporuje maxim\u00e1lne 32 GB na DIMM, maxim\u00e1lna celkov\u00e1 ve\u013ekos\u0165: 64 GB<br \/>\nPodporuje dva moduly DIMM bez vyrovn\u00e1vacej pam\u00e4te (bez ECC alebo registrovan\u00e9)<\/p>\n<h5>2,5 &#8222;poz\u00edcia pre pevn\u00fd disk \/ SSD<\/h5>\n<p>Podporuje jeden pevn\u00fd disk SATA alebo jeden disk SATA SSD vo form\u00e1te 6,35 cm \/ 2,5 &#8220;<br \/>\nRozhranie SATA 3.0 podporuje r\u00fdchlos\u0165 prenosu d\u00e1t a\u017e 600 MB\/s (6 Gbit\/s)<br \/>\nPodporuje jeden disk s v\u00fd\u0161kou a\u017e 12,5 mm<br \/>\nPredin\u0161talovan\u00fd k\u00e1bel SATA<\/p>\n<h5>\nM.2-2280 Slot<\/h5>\n<p>Slot M.2 2280 BM poskytuje nasleduj\u00face rozhrania:<br \/>\n&#8211; PCI-Express Gen. 3,0 x 4<br \/>\n&#8211; SATA v3.0 (max. 6 Gbps)<br \/>\nPodporuje karty M.2 so \u0161\u00edrkou 22 mm a d\u013a\u017ekou 80 mm (= typ 2280).<br \/>\nPodporuje M.2 SATA SSD (s k\u013e\u00fa\u010dom B + M) a M.2 PCIe SSD (s k\u013e\u00fa\u010dom M)<\/p>\n<h5>\u010c\u00edta\u010dka pam\u00e4\u0165ov\u00fdch kariet<\/h5>\n<p>Integrovan\u00e1 \u010d\u00edta\u010dka kariet podporuje pam\u00e4\u0165ov\u00e9 karty SD, SDHC a SDXC<\/p>\n<h5>Webkamera<\/h5>\n<p>Integrovan\u00e1 webov\u00e1 kamera s rozl\u00ed\u0161en\u00edm Full HD (1920 x 1080 pixelov)<\/p>\n<h5>Mikrof\u00f3n a reproduktory<\/h5>\n<p>Predn\u00fd panel s integrovan\u00fdm elektretov\u00fdm kondenz\u00e1torov\u00fdm mikrof\u00f3nom a<br \/>\n2x 2W reproduktory<\/p>\n<h5>Integrovan\u00fd zvuk<\/h5>\n<p>C-Media CM6542 (USB) alebo Realtek ALC269 (HD Audio)<br \/>\nDva anal\u00f3gov\u00e9 audio konektory (3,5 mm) na spodnej strane:<br \/>\n1) Linkov\u00fd v\u00fdstup (sl\u00fachadl\u00e1)<br \/>\n2) Vstup pre mikrof\u00f3n<br \/>\nDigit\u00e1lny zvuk je podporovan\u00fd cez HDMI.<\/p>\n<h5>Dr\u00f4tov\u00e1 sie\u0165<\/h5>\n<p>Ethernetov\u00fd radi\u010d Intel i211 s rozhran\u00edm MAC, PHY a\u00a0PCIe<br \/>\nPodporuje prev\u00e1dzku 10\/100\/1 000 MBit\/s<br \/>\nPodporuje WAKE ON LAN (WOL) z re\u017eimov S3, S4<br \/>\nPodporuje spustenie siete pomocou prostredia Preboot eXecution Environment (PXE)<\/p>\n<h5>Bezdr\u00f4tov\u00e1 sie\u0165 (WLAN)<\/h5>\n<p>\u010cipset: Realtek RTL8821CE-CG<br \/>\nRoz\u0161iruj\u00faca karta M.2-2230 (NGFF).<br \/>\nPripojen\u00e9 s dvoma intern\u00fdmi ant\u00e9nami (cez IPEX4)<br \/>\nPodporuje WiFi IEEE 802.11b\/g\/n\/ac v p\u00e1sme 2,4\/5 GHz, 1T1R<br \/>\nMax. 72,2 \/ 150 Mbps s pou\u017eit\u00edm \u0161\u00edrky p\u00e1sma 20\/40 MHz v re\u017eime n<br \/>\nMax. 433,3 Mbps s pou\u017eit\u00edm \u0161\u00edrky p\u00e1sma 80 MHz v re\u017eime AC<br \/>\nPodporuje Bluetooth 4.2 v p\u00e1sme 2,4 GHz<\/p>\n<h5>Predn\u00e9 LED di\u00f3dy<\/h5>\n<p>LED nap\u00e1jania (modr\u00e1)<br \/>\nLED di\u00f3da pevn\u00e9ho disku (oran\u017eov\u00e1)<\/p>\n<h5>Konektory na \u013eavej strane<\/h5>\n<p>Vyp\u00edna\u010d<br \/>\n2x USB 3.2 Gen 1 (max. 5 Gbps)<br \/>\n\u010d\u00edta\u010dka SD kariet<br \/>\nOtvor s tla\u010didlom nap\u00e1jania<br \/>\nPerfor\u00e1cia pre volite\u013en\u00fa ant\u00e9nu WLAN \/ LTE (priemer: 7 mm)<\/p>\n<h5>Spodn\u00e1 strana konektorov<\/h5>\n<p>HDMI 1.4b (podporuje digit\u00e1lne video a digit\u00e1lny zvuk)<br \/>\n2x USB 3.2 Gen 1 (max. 5 Gbps)<br \/>\n2x USB 2.0<br \/>\nGigabitov\u00e1 sie\u0165 (LAN, RJ45)<br \/>\nZvukov\u00fd linkov\u00fd v\u00fdstup \/ sl\u00fachadl\u00e1 (3,5 mm jack)<br \/>\nVstup pre mikrof\u00f3n (3,5 mm jack)<br \/>\nDC vstup pre extern\u00fd nap\u00e1jac\u00ed adapt\u00e9r (5,5 \/ 2,5 mm)<br \/>\nPerfor\u00e1cia pre volite\u013en\u00fa ant\u00e9nu WLAN \/ LTE (priemer: 7 mm)<br \/>\nVolite\u013en\u00e9: 2x COM \/ s\u00e9riov\u00fd (RJ45), DIO (RJ11) pre z\u00e1suvku na peniaze (pr\u00edslu\u0161enstvo POS01)<\/p>\n<h5>Zadn\u00e1 strana konektorov<\/h5>\n<p>VGA konektor (D-Sub 15 pol., anal\u00f3gov\u00e9 video)<br \/>\nVolite\u013en\u00e9: 2x COM \/ s\u00e9riov\u00fd (D-Sub), 1x LPT \/ paraleln\u00fd (pr\u00edslu\u0161enstvo: PCL71 alebo POS01)<\/p>\n<h5>Konektory vpredu<\/h5>\n<p>Intern\u00fd konektor USB 2.0 typu A pre USB k\u013e\u00fa\u010d<br \/>\n(Celkov\u00e1 d\u013a\u017eka USB k\u013e\u00fa\u010da: 100 mm)<br \/>\nSerial ATA (6 Gbps)<br \/>\nSerial ATA nap\u00e1jac\u00ed konektor<br \/>\n3x USB 2.0 (v\u0161etky obsaden\u00e9)<br \/>\neDP konektor (Embedded DisplayPort) &#8211; obsaden\u00fd displejom<br \/>\nKonektor pre volite\u013en\u00fd COM \/ LPT adapt\u00e9r POS01 alebo PCL71<\/p>\n<h5>Otv\u00e1racie otvory pre volite\u013en\u00e9 ant\u00e9ny<\/h5>\n<p>\u0160asi obsahuje dva perforovan\u00e9 7 mm otvory<br \/>\npre volite\u013en\u00e9 ant\u00e9ny namontovan\u00e9 s (RP-) SMA konektorom<br \/>\npre bezdr\u00f4tov\u00fa sie\u0165, ako je WLAN alebo WWAN (napr. LTE)<\/p>\n<h5>Nab\u00edja\u010dka<\/h5>\n<p>Extern\u00fd 65 W nap\u00e1jac\u00ed adapt\u00e9r (bez ventil\u00e1tora)<br \/>\nVstup: 100 ~ 240 V AC, 50\/60 Hz, max. 1,6 A<br \/>\nV\u00fdstup: 19 V DC, max. 3,42 A, max. 65 W<\/p>\n<h5>Vstupn\u00fd DC konektor<\/h5>\n<p>Vstupn\u00fd DC konektor: 5,5 \/ 2,5 mm (vonkaj\u0161\u00ed \/ vn\u00fatorn\u00fd priemer)<br \/>\nDC vstup po\u010d\u00edta\u010da podporuje extern\u00fd<br \/>\nnap\u00e1jac\u00ed zdroj s 12V \u00b1 5% alebo 19V \u00b1 5%.<\/p>\n<h5>Zahrnut\u00e9 pr\u00edslu\u0161enstvo<\/h5>\n<p>Stru\u010dn\u00fd n\u00e1vod<br \/>\nDVD s\u00a0ovl\u00e1da\u010dom<br \/>\nExtern\u00fd nap\u00e1jac\u00ed adapt\u00e9r (65W \/ 19V)<br \/>\nNap\u00e1jac\u00ed k\u00e1bel<br \/>\nSkrutky<\/p>\n<h5>Volite\u013en\u00e9 pr\u00edslu\u0161enstvo<\/h5>\n<p>PCL71: COM \/ LPT \/ RJ11 adapt\u00e9r:<br \/>\n&#8211; 1x paraleln\u00fd (25p D-Sub)<br \/>\n&#8211; 2x s\u00e9riov\u00e9 RS232 (9p D-Sub) podporuje 0\/5 \/ 12V<br \/>\nPOS01: COM \/ LPT \/ RJ11 adapt\u00e9r:<br \/>\n&#8211; 1x paraleln\u00fd (25p D-Sub)<br \/>\n&#8211; 2x s\u00e9riov\u00e9 RS232 (9p D-Sub) podporuje 0\/5 \/ 12V<br \/>\n&#8211; 2x s\u00e9riov\u00e9 RS232 (8p RJ45)<br \/>\n&#8211; 1x DIO \/ RJ11 konektor pre z\u00e1suvku na peniaze podporuje 12 \/ 24V<br \/>\nPNFC03: Modul NFC (podporuje iba Windows 10, bez Linuxu a podpory transakci\u00ed)<br \/>\n&#8211; Pozn\u00e1mka: PNFC03 je k dispoz\u00edcii len na vy\u017eiadanie<\/p>\n<h5>\nEnvironment\u00e1lne krit\u00e9ri\u00e1<\/h5>\n<p>Prev\u00e1dzkov\u00e1 teplota: 0 ~ 40 \u00b0 C<br \/>\nVlhkos\u0165: 10 ~ 90%<\/p>\n<h5>Certifik\u00e1cia a zhoda<\/h5>\n<p>EMI: CE, RED, FCC, RCM, VCCI<br \/>\nBezpe\u010dnos\u0165: CB, ETL<br \/>\n\u010eal\u0161ie zhody: RoHS, ErP Lot3, Energy Star v7.0<\/p>\n<h5>Zhoda<\/h5>\n<p>Toto zariadenie je klasifikovan\u00e9 ako technick\u00e9 informa\u010dn\u00e9 zariadenie (ITE) v triede B a je ur\u010den\u00e9 na pou\u017eitie v ob\u00fdvacej izbe a kancel\u00e1rii. Ozna\u010denie CE potvrdzuje zhodu so smernicami E\u00da:<br \/>\n(1) 2014\/30 \/ E\u00da o elektromagnetickej kompatibilite (EMC),<br \/>\n(2) 2014\/35 \/ E\u00da o elektrick\u00fdch zariadeniach ur\u010den\u00fdch na pou\u017e\u00edvanie v r\u00e1mci ur\u010dit\u00fdch limitov nap\u00e4tia (LVD),<br \/>\n(3) 2009\/125\/E\u00da o po\u017eiadavk\u00e1ch na ekodizajn energeticky v\u00fdznamn\u00fdch v\u00fdrobkov (ErP),<br \/>\n(4) 2014\/53 \/ E\u00da t\u00fdkaj\u00faca sa r\u00e1diov\u00fdch a telekomunika\u010dn\u00fdch koncov\u00fdch zariaden\u00ed (RED<\/p>\n","protected":false},"excerpt":{"rendered":"<p>Shuttle XPC all-in-one P92U5 (Procesor &#8222;Intel Core i5-10210U (ULV)&#8220; \/ 8 GB RAM \/ 240 GBB SSD )<\/p>\n","protected":false},"featured_media":528,"template":"","meta":[],"product_brand":[],"product_cat":[23],"product_tag":[],"class_list":{"0":"post-527","1":"product","2":"type-product","3":"status-publish","4":"has-post-thumbnail","6":"product_cat-all-in-one-pocitace","8":"first","9":"instock","10":"shipping-taxable","11":"purchasable","12":"product-type-simple"},"_links":{"self":[{"href":"https:\/\/be.portos.sk\/index.php\/wp-json\/wp\/v2\/product\/527","targetHints":{"allow":["GET"]}}],"collection":[{"href":"https:\/\/be.portos.sk\/index.php\/wp-json\/wp\/v2\/product"}],"about":[{"href":"https:\/\/be.portos.sk\/index.php\/wp-json\/wp\/v2\/types\/product"}],"wp:featuredmedia":[{"embeddable":true,"href":"https:\/\/be.portos.sk\/index.php\/wp-json\/wp\/v2\/media\/528"}],"wp:attachment":[{"href":"https:\/\/be.portos.sk\/index.php\/wp-json\/wp\/v2\/media?parent=527"}],"wp:term":[{"taxonomy":"product_brand","embeddable":true,"href":"https:\/\/be.portos.sk\/index.php\/wp-json\/wp\/v2\/product_brand?post=527"},{"taxonomy":"product_cat","embeddable":true,"href":"https:\/\/be.portos.sk\/index.php\/wp-json\/wp\/v2\/product_cat?post=527"},{"taxonomy":"product_tag","embeddable":true,"href":"https:\/\/be.portos.sk\/index.php\/wp-json\/wp\/v2\/product_tag?post=527"}],"curies":[{"name":"wp","href":"https:\/\/api.w.org\/{rel}","templated":true}]}}