{"id":577,"date":"2024-11-11T10:27:16","date_gmt":"2024-11-11T09:27:16","guid":{"rendered":"https:\/\/be.portos.sk\/?post_type=product&#038;p=577"},"modified":"2024-11-11T10:35:35","modified_gmt":"2024-11-11T09:35:35","slug":"posiflex-tm-8115n-b-15","status":"publish","type":"product","link":"https:\/\/be.portos.sk\/index.php\/produkt\/posiflex-tm-8115n-b-15\/","title":{"rendered":"Posiflex TM-8115N-B 15"},"content":{"rendered":"<p>Stabiln\u00fd dotykov\u00fd syst\u00e9m, ktor\u00fd predstavuje obrazovku bez hojdania aj pri stla\u010den\u00ed v jej rohoch.\u00a0Vysokokvalitn\u00fd akt\u00edvny maticov\u00fd 15&#8243; LCD panel.<\/p>\n<ul>\n<li><span style=\"color: #000000;\">n\u00e1klon\u00a0v rozsahu 15\u00b0 a\u017e 70\u00b0<\/span><\/li>\n<li><span style=\"color: #000000;\">podporuje pripojenie zariaden\u00ed pomocou dvoch USB portov<\/span><\/li>\n<li><span style=\"color: #000000;\">vysokoodoln\u00fd dotykov\u00fd panel s dlhou \u017eivotnos\u0165ou, ktor\u00fd znesie viac ako 35-mili\u00f3nov dotykov na rovnak\u00e9 miesto<\/span><\/li>\n<li><span style=\"color: #000000;\">vodeodoln\u00e1 kon\u0161trukcia umo\u017e\u0148uje jednoduch\u00e9 umytie zariadenia<\/span><\/li>\n<li><span style=\"color: #000000;\">funkcie dotykov\u00e9ho ovl\u00e1dania (\u013eav\u00e9\/prav\u00e9 tla\u010d\u00edtko, dvojklik, drag &amp; drop)<\/span><\/li>\n<li><span style=\"color: #000000;\">prisp\u00f4sobite\u013en\u00e1 hlasitos\u0165 zvuku pri dotyku\u00a0<\/span><\/li>\n<\/ul>\n","protected":false},"excerpt":{"rendered":"<p>Dotykov\u00fd LCD monitor s ochranou proti poliatiu.<\/p>\n","protected":false},"featured_media":579,"template":"","meta":[],"product_brand":[],"product_cat":[21],"product_tag":[],"class_list":{"0":"post-577","1":"product","2":"type-product","3":"status-publish","4":"has-post-thumbnail","6":"product_cat-dotykove-monitory","8":"first","9":"instock","10":"shipping-taxable","11":"purchasable","12":"product-type-simple"},"_links":{"self":[{"href":"https:\/\/be.portos.sk\/index.php\/wp-json\/wp\/v2\/product\/577","targetHints":{"allow":["GET"]}}],"collection":[{"href":"https:\/\/be.portos.sk\/index.php\/wp-json\/wp\/v2\/product"}],"about":[{"href":"https:\/\/be.portos.sk\/index.php\/wp-json\/wp\/v2\/types\/product"}],"wp:featuredmedia":[{"embeddable":true,"href":"https:\/\/be.portos.sk\/index.php\/wp-json\/wp\/v2\/media\/579"}],"wp:attachment":[{"href":"https:\/\/be.portos.sk\/index.php\/wp-json\/wp\/v2\/media?parent=577"}],"wp:term":[{"taxonomy":"product_brand","embeddable":true,"href":"https:\/\/be.portos.sk\/index.php\/wp-json\/wp\/v2\/product_brand?post=577"},{"taxonomy":"product_cat","embeddable":true,"href":"https:\/\/be.portos.sk\/index.php\/wp-json\/wp\/v2\/product_cat?post=577"},{"taxonomy":"product_tag","embeddable":true,"href":"https:\/\/be.portos.sk\/index.php\/wp-json\/wp\/v2\/product_tag?post=577"}],"curies":[{"name":"wp","href":"https:\/\/api.w.org\/{rel}","templated":true}]}}