{"id":593,"date":"2024-11-11T11:13:42","date_gmt":"2024-11-11T10:13:42","guid":{"rendered":"https:\/\/be.portos.sk\/?post_type=product&#038;p=593"},"modified":"2024-11-11T11:20:08","modified_gmt":"2024-11-11T10:20:08","slug":"posiflex-tm-3315-15","status":"publish","type":"product","link":"https:\/\/be.portos.sk\/index.php\/produkt\/posiflex-tm-3315-15\/","title":{"rendered":"Posiflex TM-3315 15"},"content":{"rendered":"<p>Posiflex TM-3315 je spo\u013eahliv\u00fd, profesion\u00e1lny dotykov\u00fd monitor. Ide\u00e1lny pre predajn\u00e9 miesta v re\u0161taur\u00e1ci\u00e1ch,\u00a0supermarketoch a\u00a0\u010fal\u0161\u00edch miestach, kde je d\u00f4le\u017eit\u00e1 jednoduchos\u0165 pou\u017eitia a presnos\u0165.<\/p>\n<ul>\n<li><span style=\"color: #000000;\">Dotykov\u00e1 obrazovka ur\u010den\u00e1 pre maloobchody a HoReCa<\/span><\/li>\n<li><span style=\"color: #000000;\">Ve\u013ek\u00fd, \u013eahko ovl\u00e1date\u013en\u00fd 15 &#8220; monitor<\/span><\/li>\n<li><span style=\"color: #000000;\">V\u00fddr\u017e 35 mili\u00f3nov dotykov na rovnakom mieste<\/span><\/li>\n<li><span style=\"color: #000000;\">Maxim\u00e1lne rozl\u00ed\u0161enie 1024 x 768<\/span><\/li>\n<li><span style=\"color: #000000;\">Rezist\u00edvny (umo\u017e\u0148uje pr\u00e1cu aj s ceruzkou)<\/span><\/li>\n<li><span style=\"color: #000000;\">Mo\u017enos\u0165 nastavenia n\u00e1klonu obrazovky od 18 \u00b0 do 75 \u00b0<\/span><\/li>\n<li><span style=\"color: #000000;\">Pracovn\u00e9 prostredie 0 \u00b0C a\u017e 40 \u00b0C<\/span><\/li>\n<li><span style=\"color: #000000;\">Mo\u017enos\u0165 in\u0161tal\u00e1cie \u010d\u00edta\u010dky magnetick\u00fdch kariet, alebo programovate\u013enej kl\u00e1vesnice na strane monitora<\/span><\/li>\n<\/ul>\n<p>Posiflex TM-3315 je profesion\u00e1lny 15&#8243; dotykov\u00fd monitor, ktor\u00fd je navrhnut\u00fd pre automatiz\u00e1ciu predaja v obchode, re\u0161taur\u00e1cii, hoteli, alebo servisn\u00fdch prev\u00e1dzok.\u00a0POS-Monitor TM-3315 v pr\u00edpade potreby m\u00f4\u017ee by\u0165 namontovan\u00fd na vertik\u00e1lny povrch, napr\u00edklad na stenu pomocou VESA \u0161tandartn\u00e9ho dr\u017eiaku.<\/p>\n","protected":false},"excerpt":{"rendered":"<p>Rezist\u00edvny dotykov\u00fd monitor ovl\u00e1date\u013en\u00fd aj ceruzkou.<\/p>\n","protected":false},"featured_media":594,"template":"","meta":[],"product_brand":[],"product_cat":[21],"product_tag":[],"class_list":{"0":"post-593","1":"product","2":"type-product","3":"status-publish","4":"has-post-thumbnail","6":"product_cat-dotykove-monitory","8":"first","9":"instock","10":"shipping-taxable","11":"purchasable","12":"product-type-simple"},"_links":{"self":[{"href":"https:\/\/be.portos.sk\/index.php\/wp-json\/wp\/v2\/product\/593","targetHints":{"allow":["GET"]}}],"collection":[{"href":"https:\/\/be.portos.sk\/index.php\/wp-json\/wp\/v2\/product"}],"about":[{"href":"https:\/\/be.portos.sk\/index.php\/wp-json\/wp\/v2\/types\/product"}],"wp:featuredmedia":[{"embeddable":true,"href":"https:\/\/be.portos.sk\/index.php\/wp-json\/wp\/v2\/media\/594"}],"wp:attachment":[{"href":"https:\/\/be.portos.sk\/index.php\/wp-json\/wp\/v2\/media?parent=593"}],"wp:term":[{"taxonomy":"product_brand","embeddable":true,"href":"https:\/\/be.portos.sk\/index.php\/wp-json\/wp\/v2\/product_brand?post=593"},{"taxonomy":"product_cat","embeddable":true,"href":"https:\/\/be.portos.sk\/index.php\/wp-json\/wp\/v2\/product_cat?post=593"},{"taxonomy":"product_tag","embeddable":true,"href":"https:\/\/be.portos.sk\/index.php\/wp-json\/wp\/v2\/product_tag?post=593"}],"curies":[{"name":"wp","href":"https:\/\/api.w.org\/{rel}","templated":true}]}}