{"id":646,"date":"2024-11-13T09:33:19","date_gmt":"2024-11-13T08:33:19","guid":{"rendered":"https:\/\/be.portos.sk\/?post_type=product&#038;p=646"},"modified":"2024-11-13T09:37:21","modified_gmt":"2024-11-13T08:37:21","slug":"fiskalpro-vx520","status":"publish","type":"product","link":"https:\/\/be.portos.sk\/index.php\/produkt\/fiskalpro-vx520\/","title":{"rendered":"FiskalPRO VX520"},"content":{"rendered":"<p>FiskalPRO VX 520 je ve\u013emi roz\u0161\u00edreny platobn\u00fd termin\u00e1l.<\/p>\n<p>Pripojenie k internetu pomocou ethernet k\u00e1blu. Termin\u00e1l je neprenosn\u00fd, na prev\u00e1dzke je pevne umiestnen\u00fd.<\/p>\n<h5>\u00da\u010det v ktorejko\u013evek banke<\/h5>\n<p>V pr\u00edpade pou\u017e\u00edvania termin\u00e1lu FiskalPRO ste \u00faplne nez\u00e1visl\u00ed na banke. Peniaze z platieb kartami v\u00e1m bud\u00fa zasielan\u00e9 na bankov\u00fd \u00fa\u010det veden\u00fd v \u013eubovo\u013enej banke, p\u00f4sobiacej v Slovenskej republike, alebo v r\u00e1mci E\u00da (ak je \u00fa\u010det veden\u00fd v EUR). Pokia\u013e sa rozhodnete zmeni\u0165 banku a s \u0148ou aj v\u00e1\u0161 \u00fa\u010det, sta\u010d\u00ed nahl\u00e1si\u0165 nov\u00e9 \u010d\u00edslo \u00fa\u010dtu, kam v\u00e1m maj\u00fa by\u0165 zasielan\u00e9 finan\u010dn\u00e9 prostriedky.<\/p>\n<h5>Pr\u00edstup do port\u00e1lu<\/h5>\n<p>Ka\u017ed\u00fd klient m\u00e1 pr\u00edstup do internetov\u00e9ho port\u00e1lu, kde vid\u00ed jednotliv\u00e9 platby, ktor\u00e9 si m\u00f4\u017ee pod\u013ea potreby filtrova\u0165, vytvori\u0165 si u\u017e\u00edvate\u013esk\u00e9 preh\u013eady a tie napr. vo form\u00e1te CSV, alebo XLS s\u0165ahova\u0165 pre \u010fal\u0161ie spracovanie. Mysl\u00edme na pr\u00edrodu, a preto je V\u00e1m\u00a0denne, alebo mesa\u010dne emailom zasielan\u00fd podrobn\u00fd v\u00fdpis transakci\u00ed.<\/p>\n<h5>Cenov\u00e9 podmienky<\/h5>\n<ul>\n<li><span style=\"color: #000000;\">Transak\u010dn\u00fd poplatok: 0,99% MIF++ (alebo ni\u017e\u0161\u00ed v z\u00e1vislosti od obratu)<\/span><\/li>\n<li><span style=\"color: #000000;\">Minim\u00e1lny poplatok za transakciu : 0,06\u20ac<\/span><\/li>\n<li><span style=\"color: #000000;\">Mo\u017enos\u0165 zak\u00fapenia alebo pren\u00e1jmu zariadenia<\/span><\/li>\n<\/ul>\n<table border=\"1\" cellspacing=\"1\" cellpadding=\"1\">\n<tbody>\n<tr>\n<td><strong>Sp\u00f4sob obstarania zariadenia<\/strong><\/td>\n<td><strong>Obstar\u00e1vacia cena<\/strong><\/td>\n<td><strong>Mesa\u010dn\u00fd poplatok<\/strong><\/td>\n<\/tr>\n<tr>\n<td>Pren\u00e1jom zariadenia<\/td>\n<td>0 \u20ac<\/td>\n<td>8\u00a0\u20ac<\/td>\n<\/tr>\n<tr>\n<td>Zak\u00fapenie zariadenia<\/td>\n<td>199\u00a0\u20ac<\/td>\n<td>0\u00a0\u20ac<\/td>\n<\/tr>\n<\/tbody>\n<\/table>\n<p>Inform\u00e1cie v tomto texte sa m\u00f4\u017eu l\u00ed\u0161i\u0165 od aktu\u00e1lnej ponuky. V pr\u00edpade z\u00e1ujmu n\u00e1s, pros\u00edm, kontaktujte.<\/p>\n<h5>\u010cas potrebn\u00fd na sprev\u00e1dzkovanie<\/h5>\n<p>Sprev\u00e1dzkovanie platobn\u00e9ho termin\u00e1lu trv\u00e1 pribli\u017ene 10 a\u017e 15 pracovn\u00fdch dn\u00ed. Obn\u00e1\u0161a vyplnenie formul\u00e1ru, podpis zmluvy\u00a0so spracovate\u013eom platieb a\u00a0dodanie platobn\u00e9ho termin\u00e1lu.<\/p>\n","protected":false},"excerpt":{"rendered":"<p>Platobn\u00fd termin\u00e1l Verifone VX520 od spolo\u010dnosti FiskalPRO.<\/p>\n","protected":false},"featured_media":647,"template":"","meta":[],"product_brand":[],"product_cat":[13],"product_tag":[],"class_list":{"0":"post-646","1":"product","2":"type-product","3":"status-publish","4":"has-post-thumbnail","6":"product_cat-platobne-terminaly","8":"first","9":"instock","10":"shipping-taxable","11":"purchasable","12":"product-type-simple"},"_links":{"self":[{"href":"https:\/\/be.portos.sk\/index.php\/wp-json\/wp\/v2\/product\/646","targetHints":{"allow":["GET"]}}],"collection":[{"href":"https:\/\/be.portos.sk\/index.php\/wp-json\/wp\/v2\/product"}],"about":[{"href":"https:\/\/be.portos.sk\/index.php\/wp-json\/wp\/v2\/types\/product"}],"wp:featuredmedia":[{"embeddable":true,"href":"https:\/\/be.portos.sk\/index.php\/wp-json\/wp\/v2\/media\/647"}],"wp:attachment":[{"href":"https:\/\/be.portos.sk\/index.php\/wp-json\/wp\/v2\/media?parent=646"}],"wp:term":[{"taxonomy":"product_brand","embeddable":true,"href":"https:\/\/be.portos.sk\/index.php\/wp-json\/wp\/v2\/product_brand?post=646"},{"taxonomy":"product_cat","embeddable":true,"href":"https:\/\/be.portos.sk\/index.php\/wp-json\/wp\/v2\/product_cat?post=646"},{"taxonomy":"product_tag","embeddable":true,"href":"https:\/\/be.portos.sk\/index.php\/wp-json\/wp\/v2\/product_tag?post=646"}],"curies":[{"name":"wp","href":"https:\/\/api.w.org\/{rel}","templated":true}]}}