{"id":651,"date":"2024-11-13T09:52:20","date_gmt":"2024-11-13T08:52:20","guid":{"rendered":"https:\/\/be.portos.sk\/?post_type=product&#038;p=651"},"modified":"2024-11-13T10:20:47","modified_gmt":"2024-11-13T09:20:47","slug":"minipocitac-shuttle-xs35-v2","status":"publish","type":"product","link":"https:\/\/be.portos.sk\/index.php\/produkt\/minipocitac-shuttle-xs35-v2\/","title":{"rendered":"Minipo\u010d\u00edta\u010d Shuttle XS35 V2"},"content":{"rendered":"<p>Miniat\u00farny po\u010d\u00edta\u010d Shuttle XS35-703 pon\u00faka tich\u00e9 rie\u0161enie dom\u00e1ceho PC pre multimedi\u00e1lnu z\u00e1bavu,internet ako aj jednoduch\u00e9 rie\u0161enia po\u010d\u00edta\u010dov\u00fdch pokladn\u00ed . Jedn\u00e1 se o extr\u00e9mne tenk\u00fd mini po\u010d\u00edta\u010d, ktor\u00fd najviac zaujme n\u00edzkou energetickou n\u00e1ro\u010dnos\u0165ou a ve\u013emi tich\u00fdm preveden\u00edm (\u00faplne bez ventil\u00e1torov). M\u00e1 osaden\u00fd dvojjadrov\u00fd procesor Intel Atom, v jeho srdci tik\u00e1 aj integrovan\u00fd grafick\u00fd akceler\u00e1tor Intel GMA 3150. Na \u0161asi Shuttle XS35-703 n\u00e1jdete hne\u010f p\u00e4\u0165 USB portov, multiform\u00e1tov\u00fa \u010d\u00edta\u010dku pam\u00e4\u0165ov\u00fdch kariet, audio konektory a anal\u00f3gov\u00fd v\u00fdstup na monitor. Vo vn\u00fatri je taktie\u017e WiFi adapt\u00e9r pre bezdr\u00f4tov\u00e9 pripojenie\u00a0k internetu a dom\u00e1cej sieti.<\/p>\n<p>Miniat\u00farny po\u010d\u00edta\u010d Shuttle XS35-703 sa dod\u00e1va s pevn\u00fdm diskom kapacity 250 GB. Pre pr\u00e1cu s \u00fadajmi disponuje s 2 GB opera\u010dnou pam\u00e4\u0165ou DDR3. Syst\u00e9m m\u00f4\u017eete zabezpe\u010di\u0165 z\u00e1mkom Kensington a uchyti\u0165 na stenu, alebo na monitor pomoc\u00ed dr\u017eiakov kompatibiln\u00fdch so \u0161tandardom VESA 100 mm.<\/p>\n<h5>Parametre a \u0161pecifik\u00e1cia:<\/h5>\n<p>Procesor: Intel Dual Core Atom D525 (dvojjadrov\u00fd)<br \/>\nFrekvencia: 1,66 GHz L2 Cache: 1024 KB<br \/>\nTDP: max. 15 W<br \/>\nIntel Hyper-Threading technol\u00f3gia: 2 vl\u00e1kna na jadro, 45 nm v\u00fdrobn\u00ed proces ,Integrovan\u00fd North Bridge s \u0159adi\u010dem pro pam\u011bti a grafiku Intel NM10 Express Chipset<\/p>\n<h5>Pam\u00e4\u0165:<\/h5>\n<p>2048 MB DDR3-667\/800<br \/>\nJeden SO-DIMM modul (nie je mo\u017en\u00e9 roz\u0161\u00edri\u0165)<\/p>\n<p>Pevn\u00fd disk:<\/p>\n<p>250 GB Serial ATA 2,5&#8243; form\u00e1t<\/p>\n<h5>\u010cita\u010dka kariet:<\/h5>\n<p>Integrovan\u00e1 multiform\u00e1tov\u00e1 4-v-1 (USB 2.0)<br \/>\nPodporuje typy pam\u00e4\u0165ov\u00fdch kariet: SD, MMC, MS a MS Pro<\/p>\n<h5>Grafick\u00e1 karta:<\/h5>\n<p>Integrovan\u00e1 grafick\u00e1 karta do procesoru<br \/>\nIntel GMA 3150, 400 MHz<br \/>\nIntel Dynamic Vidieo Memory Technology 4.0 (DVMT 4,0)<br \/>\nSdie\u013ean\u00e1 syst\u00e9mov\u00e1 pam\u00e4\u0165 max. 256 MB<br \/>\nPodporuje DirectX 9 a 2D\/3D in\u0161truk\u010dn\u00fa sadu, Pixel Shader 2.0<br \/>\nMPEG2 hardwarov\u00e1 akceler\u00e1cia<br \/>\nIntel Clear Video \/ ProcAmp technol\u00f3gia<br \/>\nU\u017e\u00edvate\u013esk\u00e1 \u00faprava odtie\u0148u, s\u00fdtosti, jasu a kontrastu<br \/>\nMax. podporovan\u00e9 rozl\u00ed\u0161enie: a\u017e 2048 x 1536 bodov \/ 60Hz<\/p>\n<h5>Audio:<\/h5>\n<p>IDT92HD81 Audio Codec s podporou Azalia<\/p>\n<h5>Sie\u0165ov\u00e9 adapt\u00e9ry:<\/h5>\n<p>10\/100\/1000 Mbit\/s LAN<br \/>\nWIFi: 802.11 b\/g\/draft-n<\/p>\n<h5>Konektory:<\/h5>\n<p>1x VGA konektor (D-Sub 15pinov\u00fd)<br \/>\n5x USB 2.0 (1x vpedu, 4x v zadu)<br \/>\n1x RJ-45<br \/>\n1x line-out (sluch\u00e1tka)<br \/>\n1x vstup pre extern\u00fd mikrof\u00f3n<br \/>\n1x DC vstup pre nap\u00e1janie<\/p>\n<h5>LED di\u00f3dy a tla\u010d\u00edtka:<\/h5>\n<p>Tla\u010d\u00edtko nap\u00e1jania<br \/>\nPower LED (biela)<br \/>\nHard disk LED (modr\u00e1)<\/p>\n<h5>Nap\u00e1janie:<\/h5>\n<p>Extern\u00ed 40 W AC \/ DC nap\u00e1jac\u00ed adapt\u00e9r (bez ventil\u00e1toru)<br \/>\nAC Input: 100 ~ 240 V AC, 50 ~ 60 Hz<\/p>\n<h5>Prevedenie:<\/h5>\n<p>Farba: \u010dierna<br \/>\nPas\u00edvne chladenie bez ventil\u00e1toru<br \/>\nMont\u00e1\u017e na stenu: 75 mm a 100 mm VESA \u0161tandard<br \/>\nMont\u00e1\u017eny otvor pre z\u00e1mok Kensington<br \/>\nRozmery bez stojanu: 25,2 x 16,2 x 3,84 cm<br \/>\nRozmery so stojanom: 25,2 x 18,5 x 10,04 cm<br \/>\nHmotnos\u0165: 1,8 kg<\/p>\n<h5>Certifik\u00e1ty:<\/h5>\n<p>EMI: CE, FCC, BSMI, C-Tick, CB, BSMI, ETL, RoHS, Eup Lot6<\/p>\n","protected":false},"excerpt":{"rendered":"<p>Mini po\u010d\u00edta\u010d \u010dierny, Intel Atom D525, 2GB DDR3, Intel GMA3150, 250GB , 5x USB, GLAN, WiFi, OS WIN 10.<\/p>\n","protected":false},"featured_media":653,"template":"","meta":[],"product_brand":[],"product_cat":[22],"product_tag":[],"class_list":{"0":"post-651","1":"product","2":"type-product","3":"status-publish","4":"has-post-thumbnail","6":"product_cat-pocitace","8":"first","9":"instock","10":"shipping-taxable","11":"purchasable","12":"product-type-simple"},"_links":{"self":[{"href":"https:\/\/be.portos.sk\/index.php\/wp-json\/wp\/v2\/product\/651","targetHints":{"allow":["GET"]}}],"collection":[{"href":"https:\/\/be.portos.sk\/index.php\/wp-json\/wp\/v2\/product"}],"about":[{"href":"https:\/\/be.portos.sk\/index.php\/wp-json\/wp\/v2\/types\/product"}],"wp:featuredmedia":[{"embeddable":true,"href":"https:\/\/be.portos.sk\/index.php\/wp-json\/wp\/v2\/media\/653"}],"wp:attachment":[{"href":"https:\/\/be.portos.sk\/index.php\/wp-json\/wp\/v2\/media?parent=651"}],"wp:term":[{"taxonomy":"product_brand","embeddable":true,"href":"https:\/\/be.portos.sk\/index.php\/wp-json\/wp\/v2\/product_brand?post=651"},{"taxonomy":"product_cat","embeddable":true,"href":"https:\/\/be.portos.sk\/index.php\/wp-json\/wp\/v2\/product_cat?post=651"},{"taxonomy":"product_tag","embeddable":true,"href":"https:\/\/be.portos.sk\/index.php\/wp-json\/wp\/v2\/product_tag?post=651"}],"curies":[{"name":"wp","href":"https:\/\/api.w.org\/{rel}","templated":true}]}}