{"id":657,"date":"2024-11-13T10:35:54","date_gmt":"2024-11-13T09:35:54","guid":{"rendered":"https:\/\/be.portos.sk\/?post_type=product&#038;p=657"},"modified":"2024-11-13T10:43:44","modified_gmt":"2024-11-13T09:43:44","slug":"sunlux-xl-2021","status":"publish","type":"product","link":"https:\/\/be.portos.sk\/index.php\/produkt\/sunlux-xl-2021\/","title":{"rendered":"Sunlux XL-2021"},"content":{"rendered":"<p>V\u0161esmerov\u00fd laserov\u00fd sn\u00edma\u010d \u010diarov\u00fdch k\u00f3dov, ktor\u00fd v\u010faka dvadsiatim laserov\u00fdm l\u00fa\u010dom umo\u017e\u0148uje skenova\u0165 a\u017e v piatich riadkoch. R\u00fdchlos\u0165 sn\u00edmania a\u017e 1500 sn\u00edmok za sekundu pri v\u0161esmerovom sn\u00edman\u00ed, alebo 75 sn\u00edmok za\u00a0sekundu pri sn\u00edman\u00ed jedn\u00fdm l\u00fa\u010dom.<\/p>\n<ul>\n<li><span style=\"color: #000000;\">\u0160irok\u00fd uhol sn\u00edmania<\/span><\/li>\n<li><span style=\"color: #000000;\">Vysok\u00e1 spo\u013eahlivos\u0165 pri sn\u00edman\u00ed k\u00f3dov s n\u00edzkym kontrastom<\/span><\/li>\n<li><span style=\"color: #000000;\">Nastavite\u013en\u00fd t\u00f3n aj hlasitos\u0165 pri sn\u00edman\u00ed\u00a0<\/span><\/li>\n<li><span style=\"color: #000000;\">N\u00edzka spotreba energie<\/span><\/li>\n<\/ul>\n<p><a href=\"http:\/\/www.xl-scan.com\/productsview_329_231.html\" target=\"_blank\" rel=\"noopener\">Str\u00e1nka v\u00fdrobcu<\/a><\/p>\n","protected":false},"excerpt":{"rendered":"<p>V\u0161esmerov\u00fd laserov\u00fd sn\u00edma\u010d \u010diarov\u00fdch k\u00f3dov pre r\u00fdchle a kvalitn\u00e9 sn\u00edmanie.<\/p>\n","protected":false},"featured_media":658,"template":"","meta":[],"product_brand":[],"product_cat":[16],"product_tag":[],"class_list":{"0":"post-657","1":"product","2":"type-product","3":"status-publish","4":"has-post-thumbnail","6":"product_cat-snimace-ciarovych-kodov","8":"first","9":"instock","10":"shipping-taxable","11":"purchasable","12":"product-type-simple"},"_links":{"self":[{"href":"https:\/\/be.portos.sk\/index.php\/wp-json\/wp\/v2\/product\/657","targetHints":{"allow":["GET"]}}],"collection":[{"href":"https:\/\/be.portos.sk\/index.php\/wp-json\/wp\/v2\/product"}],"about":[{"href":"https:\/\/be.portos.sk\/index.php\/wp-json\/wp\/v2\/types\/product"}],"wp:featuredmedia":[{"embeddable":true,"href":"https:\/\/be.portos.sk\/index.php\/wp-json\/wp\/v2\/media\/658"}],"wp:attachment":[{"href":"https:\/\/be.portos.sk\/index.php\/wp-json\/wp\/v2\/media?parent=657"}],"wp:term":[{"taxonomy":"product_brand","embeddable":true,"href":"https:\/\/be.portos.sk\/index.php\/wp-json\/wp\/v2\/product_brand?post=657"},{"taxonomy":"product_cat","embeddable":true,"href":"https:\/\/be.portos.sk\/index.php\/wp-json\/wp\/v2\/product_cat?post=657"},{"taxonomy":"product_tag","embeddable":true,"href":"https:\/\/be.portos.sk\/index.php\/wp-json\/wp\/v2\/product_tag?post=657"}],"curies":[{"name":"wp","href":"https:\/\/api.w.org\/{rel}","templated":true}]}}