{"id":684,"date":"2024-11-21T09:36:59","date_gmt":"2024-11-21T08:36:59","guid":{"rendered":"https:\/\/be.portos.sk\/?post_type=product&#038;p=684"},"modified":"2024-11-21T09:51:35","modified_gmt":"2024-11-21T08:51:35","slug":"684","status":"publish","type":"product","link":"https:\/\/be.portos.sk\/index.php\/produkt\/684\/","title":{"rendered":"Metapace T-3"},"content":{"rendered":"<p>Metapace T-3 je profesion\u00e1lna pokladni\u010dn\u00e1 tla\u010diare\u0148 pre maloobchod, pohostinstv\u00e1 a hotelov\u00fd priemysel. Kombinuje najlep\u0161ie vlastnosti z predch\u00e1dzaj\u00facej rodiny tla\u010diarn\u00ed Metapace POS. Model T-3 presvied\u010da vysokou r\u00fdchlos\u0165ou tla\u010de a\u017e 250 mm \/ sek.\u00a0v rozl\u00ed\u0161en\u00ed 180 dpi pre vysoko kvalitn\u00e9 log\u00e1, grafiku a texty. Pon\u00faka \u0161tandardn\u00fa 5-ro\u010dn\u00fa z\u00e1ruku a tie\u017e bezplatn\u00e9 pr\u00edslu\u0161enstvo.<\/p>\n<ul>\n<li><span style=\"color: #000000;\">mimoriadne jednoduch\u00e1\u00a0manipul\u00e1cia.<\/span><\/li>\n<li><span style=\"color: #000000;\">umo\u017e\u0148uje vlo\u017ei\u0165 kot\u00fa\u010d s n\u00e1vinom a\u017e 83 mm, \u010dim sa minimalizuj\u00fa\u00a0preru\u0161enia sp\u00f4soben\u00e9 koncom kot\u00fa\u010da.<\/span><\/li>\n<li><span style=\"color: #000000;\">v\u0161etky mechanick\u00e9 \u010dasti s\u00fa optimalizovan\u00e9 tak, aby poskytovali\u00a0dlh\u00fd\u00a0\u017eivotn\u00fd cyklus tla\u010diarne.<\/span><\/li>\n<\/ul>\n<p>Obsahuje rozhrania:<\/p>\n<ul>\n<li><span style=\"color: #000000;\">USB<\/span><\/li>\n<li><span style=\"color: #000000;\">RS232 (S\u00e9riov\u00fd konektor)<\/span><\/li>\n<\/ul>\n<p><strong>* K dispoz\u00edcii aj v prevedeniach s rozhraniami: USB + Ethernet, USB + Wi-Fi a USB + LPT.<\/strong><\/p>\n<h5>eKasa kompatibiln\u00e1<\/h5>\n<p>V\u010faka RS232 konektoru a podpore tla\u010de slovensk\u00fdch znakov aj QR k\u00f3dov je vhodn\u00e1 aj ako\u00a0eKasa\u00a0tla\u010diare\u0148 pripojen\u00e1 k chr\u00e1nen\u00e9mu d\u00e1tov\u00e9mu \u00falo\u017eisku.<\/p>\n","protected":false},"excerpt":{"rendered":"<p>Tla\u010diare\u0148 pr\u00e9miovej kvality. Vhodn\u00e1 ako eKasa. Z\u00e1ruka 5 rokov.<\/p>\n","protected":false},"featured_media":688,"template":"","meta":[],"product_brand":[],"product_cat":[15],"product_tag":[],"class_list":{"0":"post-684","1":"product","2":"type-product","3":"status-publish","4":"has-post-thumbnail","6":"product_cat-tlaciarne","8":"first","9":"instock","10":"shipping-taxable","11":"purchasable","12":"product-type-simple"},"_links":{"self":[{"href":"https:\/\/be.portos.sk\/index.php\/wp-json\/wp\/v2\/product\/684","targetHints":{"allow":["GET"]}}],"collection":[{"href":"https:\/\/be.portos.sk\/index.php\/wp-json\/wp\/v2\/product"}],"about":[{"href":"https:\/\/be.portos.sk\/index.php\/wp-json\/wp\/v2\/types\/product"}],"wp:featuredmedia":[{"embeddable":true,"href":"https:\/\/be.portos.sk\/index.php\/wp-json\/wp\/v2\/media\/688"}],"wp:attachment":[{"href":"https:\/\/be.portos.sk\/index.php\/wp-json\/wp\/v2\/media?parent=684"}],"wp:term":[{"taxonomy":"product_brand","embeddable":true,"href":"https:\/\/be.portos.sk\/index.php\/wp-json\/wp\/v2\/product_brand?post=684"},{"taxonomy":"product_cat","embeddable":true,"href":"https:\/\/be.portos.sk\/index.php\/wp-json\/wp\/v2\/product_cat?post=684"},{"taxonomy":"product_tag","embeddable":true,"href":"https:\/\/be.portos.sk\/index.php\/wp-json\/wp\/v2\/product_tag?post=684"}],"curies":[{"name":"wp","href":"https:\/\/api.w.org\/{rel}","templated":true}]}}